Last updated on 2024-08-16 12:49:15 CEST.
Flavor | Version | Tinstall | Tcheck | Ttotal | Status | Flags |
---|---|---|---|---|---|---|
r-devel-linux-x86_64-debian-clang | 1.0.0 | 6.26 | 39.34 | 45.60 | OK | |
r-devel-linux-x86_64-debian-gcc | 1.0.0 | 4.06 | 29.77 | 33.83 | OK | |
r-devel-linux-x86_64-fedora-clang | 1.0.0 | 74.14 | NOTE | |||
r-devel-linux-x86_64-fedora-gcc | 1.0.0 | 83.58 | NOTE | |||
r-devel-windows-x86_64 | 1.0.0 | 8.00 | 59.00 | 67.00 | OK | |
r-patched-linux-x86_64 | 1.0.0 | 6.51 | 37.17 | 43.68 | OK | |
r-release-linux-x86_64 | 1.0.0 | 6.11 | 38.07 | 44.18 | OK | |
r-release-macos-arm64 | 1.0.0 | 29.00 | OK | |||
r-release-macos-x86_64 | 1.0.0 | 46.00 | OK | |||
r-release-windows-x86_64 | 1.0.0 | 8.00 | 59.00 | 67.00 | OK | |
r-oldrel-macos-arm64 | 1.0.0 | 33.00 | OK | |||
r-oldrel-macos-x86_64 | 1.0.0 | 48.00 | OK | |||
r-oldrel-windows-x86_64 | 1.0.0 | 11.00 | 65.00 | 76.00 | OK |
Version: 1.0.0
Check: dependencies in R code
Result: NOTE
Namespace in Imports field not imported from: ‘stats’
All declared Imports should be used.
Flavors: r-devel-linux-x86_64-fedora-clang, r-devel-linux-x86_64-fedora-gcc