Last updated on 2025-05-19 01:50:03 CEST.
Flavor | Version | Tinstall | Tcheck | Ttotal | Status | Flags |
---|---|---|---|---|---|---|
r-devel-linux-x86_64-debian-clang | 2.0.4 | 32.08 | 90.47 | 122.55 | NOTE | |
r-devel-linux-x86_64-debian-gcc | 2.0.4 | 22.45 | 62.52 | 84.97 | NOTE | |
r-devel-linux-x86_64-fedora-clang | 2.0.4 | 201.39 | OK | |||
r-devel-linux-x86_64-fedora-gcc | 2.0.4 | 191.28 | OK | |||
r-devel-windows-x86_64 | 2.0.4 | 35.00 | 114.00 | 149.00 | OK | |
r-patched-linux-x86_64 | 2.0.4 | 34.67 | 84.40 | 119.07 | OK | |
r-release-linux-x86_64 | 2.0.4 | 29.26 | 83.35 | 112.61 | OK | |
r-release-macos-arm64 | 2.0.4 | 52.00 | OK | |||
r-release-macos-x86_64 | 2.0.4 | 87.00 | OK | |||
r-release-windows-x86_64 | 2.0.4 | 36.00 | 111.00 | 147.00 | OK | |
r-oldrel-macos-arm64 | 2.0.4 | 50.00 | OK | |||
r-oldrel-macos-x86_64 | 2.0.4 | 73.00 | OK | |||
r-oldrel-windows-x86_64 | 2.0.4 | 46.00 | 144.00 | 190.00 | OK |
Version: 2.0.4
Check: CRAN incoming feasibility
Result: NOTE
Maintainer: ‘Eun-Kyung Lee <lee.eunk@gmail.com>’
No Authors@R field in DESCRIPTION.
Please add one, modifying
Authors@R: person(given = "Eun-Kyung",
family = "Lee",
role = c("aut", "cre"),
email = "lee.eunk@gmail.com")
as necessary.
Flavors: r-devel-linux-x86_64-debian-clang, r-devel-linux-x86_64-debian-gcc