CRAN Package Check Results for Package PPSFS

Last updated on 2025-05-19 01:50:03 CEST.

Flavor Version Tinstall Tcheck Ttotal Status Flags
r-devel-linux-x86_64-debian-clang 0.1.0 21.99 55.47 77.46 NOTE
r-devel-linux-x86_64-debian-gcc 0.1.0 16.04 42.31 58.35 NOTE
r-devel-linux-x86_64-fedora-clang 0.1.0 132.95 NOTE
r-devel-linux-x86_64-fedora-gcc 0.1.0 124.16 NOTE
r-devel-windows-x86_64 0.1.0 27.00 84.00 111.00 NOTE
r-patched-linux-x86_64 0.1.0 22.03 51.74 73.77 NOTE
r-release-linux-x86_64 0.1.0 22.93 51.88 74.81 NOTE
r-release-macos-arm64 0.1.0 32.00 NOTE
r-release-macos-x86_64 0.1.0 66.00 NOTE
r-release-windows-x86_64 0.1.0 29.00 94.00 123.00 NOTE
r-oldrel-macos-arm64 0.1.0 36.00 NOTE
r-oldrel-macos-x86_64 0.1.0 59.00 NOTE
r-oldrel-windows-x86_64 0.1.0 32.00 104.00 136.00 NOTE

Check Details

Version: 0.1.0
Check: C++ specification
Result: NOTE Specified C++11: please drop specification unless essential Flavors: r-devel-linux-x86_64-debian-clang, r-devel-linux-x86_64-debian-gcc, r-devel-linux-x86_64-fedora-clang, r-devel-linux-x86_64-fedora-gcc, r-devel-windows-x86_64, r-patched-linux-x86_64, r-release-linux-x86_64, r-release-macos-arm64, r-release-macos-x86_64, r-release-windows-x86_64, r-oldrel-macos-arm64, r-oldrel-macos-x86_64, r-oldrel-windows-x86_64