Last updated on 2025-04-29 01:49:43 CEST.
Flavor | Version | Tinstall | Tcheck | Ttotal | Status | Flags |
---|---|---|---|---|---|---|
r-devel-linux-x86_64-debian-clang | 1.0.0 | 2.09 | 21.50 | 23.59 | OK | |
r-devel-linux-x86_64-debian-gcc | 1.0.0 | 1.54 | 18.04 | 19.58 | NOTE | |
r-devel-linux-x86_64-fedora-clang | 1.0.0 | 37.16 | OK | |||
r-devel-linux-x86_64-fedora-gcc | 1.0.0 | 35.70 | OK | |||
r-devel-windows-x86_64 | 1.0.0 | 3.00 | 43.00 | 46.00 | OK | |
r-patched-linux-x86_64 | 1.0.0 | 2.30 | 21.03 | 23.33 | OK | |
r-release-linux-x86_64 | 1.0.0 | 2.03 | 21.26 | 23.29 | OK | |
r-release-macos-arm64 | 1.0.0 | 17.00 | OK | |||
r-release-macos-x86_64 | 1.0.0 | 28.00 | OK | |||
r-release-windows-x86_64 | 1.0.0 | 3.00 | 45.00 | 48.00 | OK | |
r-oldrel-macos-arm64 | 1.0.0 | 17.00 | OK | |||
r-oldrel-macos-x86_64 | 1.0.0 | 23.00 | OK | |||
r-oldrel-windows-x86_64 | 1.0.0 | 3.00 | 46.00 | 49.00 | OK |
Version: 1.0.0
Check: CRAN incoming feasibility
Result: NOTE
Maintainer: ‘Jiacheng Miao <jiacheng.miao@wisc.edu>’
The Description field contains
(2023) <arXiv:2311.14220>.
Please refer to arXiv e-prints via their arXiv DOI <doi:10.48550/arXiv.YYMM.NNNNN>.
Flavor: r-devel-linux-x86_64-debian-gcc