Last updated on 2025-07-19 13:50:20 CEST.
Flavor | Version | Tinstall | Tcheck | Ttotal | Status | Flags |
---|---|---|---|---|---|---|
r-devel-linux-x86_64-debian-clang | 0.1.0 | 2.28 | 43.59 | 45.87 | NOTE | |
r-devel-linux-x86_64-debian-gcc | 0.1.0 | 1.66 | 29.14 | 30.80 | NOTE | |
r-devel-linux-x86_64-fedora-clang | 0.1.0 | 72.05 | OK | |||
r-devel-linux-x86_64-fedora-gcc | 0.1.0 | 82.06 | OK | |||
r-devel-windows-x86_64 | 0.1.0 | 3.00 | 67.00 | 70.00 | OK | |
r-patched-linux-x86_64 | 0.1.0 | 2.32 | 39.95 | 42.27 | OK | |
r-release-linux-x86_64 | 0.1.0 | 2.04 | 40.20 | 42.24 | OK | |
r-release-macos-arm64 | 0.1.0 | 39.00 | OK | |||
r-release-macos-x86_64 | 0.1.0 | 59.00 | OK | |||
r-release-windows-x86_64 | 0.1.0 | 3.00 | 66.00 | 69.00 | OK | |
r-oldrel-macos-arm64 | 0.1.0 | 27.00 | OK | |||
r-oldrel-macos-x86_64 | 0.1.0 | 44.00 | OK | |||
r-oldrel-windows-x86_64 | 0.1.0 | 3.00 | 77.00 | 80.00 | OK |
Version: 0.1.0
Check: CRAN incoming feasibility
Result: NOTE
Maintainer: ‘Zhili Qiao <zlqiao@iastate.edu>’
No Authors@R field in DESCRIPTION.
Please add one, modifying
Authors@R: person(given = "Zhili",
family = "Qiao",
role = c("aut", "cre"),
email = "zlqiao@iastate.edu")
as necessary.
Flavors: r-devel-linux-x86_64-debian-clang, r-devel-linux-x86_64-debian-gcc