Last updated on 2025-04-29 01:49:42 CEST.
Flavor | Version | Tinstall | Tcheck | Ttotal | Status | Flags |
---|---|---|---|---|---|---|
r-devel-linux-x86_64-debian-clang | 0.2.3.9 | 9.50 | 113.47 | 122.97 | NOTE | |
r-devel-linux-x86_64-debian-gcc | 0.2.3.9 | 6.88 | 82.64 | 89.52 | NOTE | |
r-devel-linux-x86_64-fedora-clang | 0.2.3.9 | 189.31 | NOTE | |||
r-devel-linux-x86_64-fedora-gcc | 0.2.3.9 | 205.57 | NOTE | |||
r-devel-windows-x86_64 | 0.2.3.9 | 14.00 | 143.00 | 157.00 | NOTE | |
r-patched-linux-x86_64 | 0.2.3.9 | 8.60 | 120.01 | 128.61 | NOTE | |
r-release-linux-x86_64 | 0.2.3.9 | 8.88 | 117.87 | 126.75 | NOTE | |
r-release-macos-arm64 | 0.2.3.9 | 60.00 | NOTE | |||
r-release-macos-x86_64 | 0.2.3.9 | 116.00 | NOTE | |||
r-release-windows-x86_64 | 0.2.3.9 | 14.00 | 143.00 | 157.00 | NOTE | |
r-oldrel-macos-arm64 | 0.2.3.9 | 53.00 | NOTE | |||
r-oldrel-macos-x86_64 | 0.2.3.9 | 91.00 | NOTE | |||
r-oldrel-windows-x86_64 | 0.2.3.9 | 16.00 | 158.00 | 174.00 | NOTE |
Version: 0.2.3.9
Check: Rd files
Result: NOTE
checkRd: (-1) GN1000.Rd:8: Lost braces in \itemize; meant \describe ?
checkRd: (-1) GN1000.Rd:8: Lost braces
8 | columns(fields): \itemize{ \item{CommonName}{ : }{Common name}
| ^
checkRd: (-1) GN1000.Rd:9: Lost braces in \itemize; meant \describe ?
checkRd: (-1) GN1000.Rd:9: Lost braces
9 | \item{BotanicalName}{ : }{Botanical name} \item{NationalID}{ : }{NBPGR
| ^
checkRd: (-1) GN1000.Rd:9-10: Lost braces
9 | \item{BotanicalName}{ : }{Botanical name} \item{NationalID}{ : }{NBPGR
| ^
checkRd: (-1) GN1000.Rd:10: Lost braces in \itemize; meant \describe ?
checkRd: (-1) GN1000.Rd:10: Lost braces
10 | National identifier} \item{CollNo}{ : }{Collector number} \item{DonorID}{ :
| ^
checkRd: (-1) GN1000.Rd:10-11: Lost braces in \itemize; meant \describe ?
checkRd: (-1) GN1000.Rd:11: Lost braces
11 | }{Donor ID} \item{OtherID1}{ : }{Other ID field 1} \item{OtherID2}{ :
| ^
checkRd: (-1) GN1000.Rd:11: Lost braces in \itemize; meant \describe ?
checkRd: (-1) GN1000.Rd:11: Lost braces
11 | }{Donor ID} \item{OtherID1}{ : }{Other ID field 1} \item{OtherID2}{ :
| ^
checkRd: (-1) GN1000.Rd:11-12: Lost braces in \itemize; meant \describe ?
checkRd: (-1) GN1000.Rd:12: Lost braces
12 | }{Other ID field 2} \item{BioStatus}{ : }{Biological status}
| ^
checkRd: (-1) GN1000.Rd:12: Lost braces in \itemize; meant \describe ?
checkRd: (-1) GN1000.Rd:12: Lost braces
12 | }{Other ID field 2} \item{BioStatus}{ : }{Biological status}
| ^
checkRd: (-1) GN1000.Rd:13: Lost braces in \itemize; meant \describe ?
checkRd: (-1) GN1000.Rd:13: Lost braces
13 | \item{SourceCountry}{ : }{Country of origin} \item{TransferYear}{ : }{Year
| ^
checkRd: (-1) GN1000.Rd:13-14: Lost braces
13 | \item{SourceCountry}{ : }{Country of origin} \item{TransferYear}{ : }{Year
| ^
checkRd: (-1) ReviewProbDup.Rd:35: Lost braces
35 | \item{insert.blanks}{logical. If \code{TRUE}, inserts a row of /code{NAs}
| ^
Flavors: r-devel-linux-x86_64-debian-clang, r-devel-linux-x86_64-debian-gcc, r-devel-linux-x86_64-fedora-clang, r-devel-linux-x86_64-fedora-gcc, r-devel-windows-x86_64, r-patched-linux-x86_64, r-release-linux-x86_64, r-release-macos-arm64, r-release-macos-x86_64, r-release-windows-x86_64, r-oldrel-macos-arm64, r-oldrel-macos-x86_64, r-oldrel-windows-x86_64
Version: 0.2.3.9
Check: DESCRIPTION meta-information
Result: NOTE
Author field differs from that derived from Authors@R
Author: ‘J. Aravind [aut, cre] (<https://orcid.org/0000-0002-4791-442X>), J. Radhamani [aut], Kalyani Srinivasan [aut], B. Ananda Subhash [aut], Rishi Kumar Tyagi [aut], ICAR-NBGPR [cph] (www.nbpgr.ernet.in), Maurice Aubrey [ctb] (Double Metaphone), Kevin Atkinson [ctb] (Double Metaphone), Lawrence Philips [ctb] (Double Metaphone)’
Authors@R: ‘J. Aravind [aut, cre] (ORCID: <https://orcid.org/0000-0002-4791-442X>), J. Radhamani [aut], Kalyani Srinivasan [aut], B. Ananda Subhash [aut], Rishi Kumar Tyagi [aut], ICAR-NBGPR [cph] (url: www.nbpgr.ernet.in), Maurice Aubrey [ctb] (Double Metaphone), Kevin Atkinson [ctb] (Double Metaphone), Lawrence Philips [ctb] (Double Metaphone)’
Flavor: r-devel-linux-x86_64-debian-gcc