Last updated on 2025-05-19 01:50:02 CEST.
Flavor | Version | Tinstall | Tcheck | Ttotal | Status | Flags |
---|---|---|---|---|---|---|
r-devel-linux-x86_64-debian-clang | 1.3 | 9.93 | 70.98 | 80.91 | NOTE | |
r-devel-linux-x86_64-debian-gcc | 1.3 | 5.95 | 54.28 | 60.23 | NOTE | |
r-devel-linux-x86_64-fedora-clang | 1.3 | 132.43 | OK | |||
r-devel-linux-x86_64-fedora-gcc | 1.3 | 120.43 | OK | |||
r-devel-windows-x86_64 | 1.3 | 9.00 | 80.00 | 89.00 | OK | |
r-patched-linux-x86_64 | 1.3 | 8.53 | 67.98 | 76.51 | OK | |
r-release-linux-x86_64 | 1.3 | 8.35 | 67.02 | 75.37 | OK | |
r-release-macos-arm64 | 1.3 | 35.00 | OK | |||
r-release-macos-x86_64 | 1.3 | 70.00 | OK | |||
r-release-windows-x86_64 | 1.3 | 9.00 | 91.00 | 100.00 | OK | |
r-oldrel-macos-arm64 | 1.3 | 32.00 | OK | |||
r-oldrel-macos-x86_64 | 1.3 | 48.00 | OK | |||
r-oldrel-windows-x86_64 | 1.3 | 8.00 | 94.00 | 102.00 | OK |
Version: 1.3
Check: CRAN incoming feasibility
Result: NOTE
Maintainer: ‘Jason Wilson <jason.wilson@biola.edu>’
No Authors@R field in DESCRIPTION.
Please add one, modifying
Authors@R: person(given = "Jason",
family = "Wilson",
role = c("aut", "cre"),
email = "jason.wilson@biola.edu")
as necessary.
Flavors: r-devel-linux-x86_64-debian-clang, r-devel-linux-x86_64-debian-gcc