Last updated on 2025-05-19 01:50:02 CEST.
Flavor | Version | Tinstall | Tcheck | Ttotal | Status | Flags |
---|---|---|---|---|---|---|
r-devel-linux-x86_64-debian-clang | 1.1.3 | 41.35 | 40.95 | 82.30 | OK | |
r-devel-linux-x86_64-debian-gcc | 1.1.3 | 35.28 | 29.90 | 65.18 | OK | |
r-devel-linux-x86_64-fedora-clang | 1.1.3 | 149.26 | OK | |||
r-devel-linux-x86_64-fedora-gcc | 1.1.3 | 168.51 | OK | |||
r-devel-windows-x86_64 | 1.1.3 | 57.00 | 78.00 | 135.00 | OK | |
r-patched-linux-x86_64 | 1.1.3 | 48.22 | 36.94 | 85.16 | OK | |
r-release-linux-x86_64 | 1.1.3 | 49.01 | 37.15 | 86.16 | OK | |
r-release-macos-arm64 | 1.1.3 | 37.00 | OK | |||
r-release-macos-x86_64 | 1.1.3 | 67.00 | OK | |||
r-release-windows-x86_64 | 1.1.3 | 56.00 | 79.00 | 135.00 | OK | |
r-oldrel-macos-arm64 | 1.1.3 | 42.00 | NOTE | |||
r-oldrel-macos-x86_64 | 1.1.3 | 78.00 | NOTE | |||
r-oldrel-windows-x86_64 | 1.1.3 | 63.00 | 94.00 | 157.00 | OK |
Version: 1.1.3
Check: installed package size
Result: NOTE
installed size is 6.9Mb
sub-directories of 1Mb or more:
libs 6.7Mb
Flavors: r-oldrel-macos-arm64, r-oldrel-macos-x86_64