CRAN Package Check Results for Package OptimalDesign

Last updated on 2025-04-29 01:49:42 CEST.

Flavor Version Tinstall Tcheck Ttotal Status Flags
r-devel-linux-x86_64-debian-clang 1.0.1 8.08 52.18 60.26 OK
r-devel-linux-x86_64-debian-gcc 1.0.2.1 7.51 36.01 43.52 OK
r-devel-linux-x86_64-fedora-clang 1.0.2.1 102.67 OK
r-devel-linux-x86_64-fedora-gcc 1.0.2.1 97.21 OK
r-devel-windows-x86_64 1.0.2.1 10.00 69.00 79.00 OK
r-patched-linux-x86_64 1.0.1 9.92 50.12 60.04 OK
r-release-linux-x86_64 1.0.1 8.97 50.09 59.06 OK
r-release-macos-arm64 1.0.2.1 31.00 OK
r-release-macos-x86_64 1.0.2.1 57.00 OK
r-release-windows-x86_64 1.0.2.1 10.00 74.00 84.00 OK
r-oldrel-macos-arm64 1.0.2.1 32.00 NOTE
r-oldrel-macos-x86_64 1.0.2.1 58.00 NOTE
r-oldrel-windows-x86_64 1.0.1 15.00 78.00 93.00 NOTE

Check Details

Version: 1.0.2.1
Check: package dependencies
Result: NOTE Package which this enhances but not available for checking: ‘gurobi’ Flavors: r-oldrel-macos-arm64, r-oldrel-macos-x86_64

Version: 1.0.1
Check: package dependencies
Result: NOTE Package which this enhances but not available for checking: 'gurobi' Flavor: r-oldrel-windows-x86_64

Version: 1.0.1
Check: LazyData
Result: NOTE 'LazyData' is specified without a 'data' directory Flavor: r-oldrel-windows-x86_64