Last updated on 2024-07-13 12:48:22 CEST.
Flavor | Version | Tinstall | Tcheck | Ttotal | Status | Flags |
---|---|---|---|---|---|---|
r-devel-linux-x86_64-debian-clang | 2.0.2 | 14.25 | 126.89 | 141.14 | OK | |
r-devel-linux-x86_64-debian-gcc | 2.0.2 | 10.23 | 92.19 | 102.42 | OK | |
r-devel-linux-x86_64-fedora-clang | 2.0.2 | 175.79 | OK | |||
r-devel-linux-x86_64-fedora-gcc | 2.0.2 | 182.02 | OK | |||
r-devel-windows-x86_64 | 2.0.2 | 14.00 | 113.00 | 127.00 | NOTE | |
r-patched-linux-x86_64 | 2.0.2 | 17.26 | 116.95 | 134.21 | OK | |
r-release-linux-x86_64 | 2.0.2 | 11.41 | 119.91 | 131.32 | OK | |
r-release-macos-arm64 | 2.0.2 | 49.00 | OK | |||
r-release-macos-x86_64 | 2.0.2 | 86.00 | OK | |||
r-release-windows-x86_64 | 2.0.2 | 12.00 | 112.00 | 124.00 | OK | |
r-oldrel-macos-arm64 | 2.0.2 | 59.00 | OK | |||
r-oldrel-macos-x86_64 | 2.0.2 | 96.00 | OK | |||
r-oldrel-windows-x86_64 | 2.0.2 | 17.00 | 140.00 | 157.00 | OK |
Version: 2.0.2
Check: Rd cross-references
Result: NOTE
Found the following Rd file(s) with Rd \link{} targets missing package
anchors:
OmicsPLS.Rd: softImpute
impute_matrix.Rd: softImpute
Please provide package anchors for all Rd \link{} targets not in the
package itself and the base packages.
Flavor: r-devel-windows-x86_64