Last updated on 2025-04-29 13:51:32 CEST.
Flavor | Version | Tinstall | Tcheck | Ttotal | Status | Flags |
---|---|---|---|---|---|---|
r-devel-linux-x86_64-debian-clang | 1.4-9 | 1.79 | 19.44 | 21.23 | NOTE | |
r-devel-linux-x86_64-debian-gcc | 1.4-9 | 1.36 | 15.99 | 17.35 | NOTE | |
r-devel-linux-x86_64-fedora-clang | 1.4-9 | 33.03 | OK | |||
r-devel-linux-x86_64-fedora-gcc | 1.4-9 | 31.81 | OK | |||
r-devel-windows-x86_64 | 1.4-9 | 2.00 | 39.00 | 41.00 | OK | |
r-patched-linux-x86_64 | 1.4-9 | 1.84 | 18.81 | 20.65 | OK | |
r-release-linux-x86_64 | 1.4-9 | 1.88 | 18.45 | 20.33 | OK | |
r-release-macos-arm64 | 1.4-9 | 16.00 | OK | |||
r-release-macos-x86_64 | 1.4-9 | 23.00 | OK | |||
r-release-windows-x86_64 | 1.4-9 | 4.00 | 41.00 | 45.00 | OK | |
r-oldrel-macos-arm64 | 1.4-9 | 15.00 | OK | |||
r-oldrel-macos-x86_64 | 1.4-9 | 22.00 | OK | |||
r-oldrel-windows-x86_64 | 1.4-9 | 3.00 | 40.00 | 43.00 | OK |
Version: 1.4-9
Check: CRAN incoming feasibility
Result: NOTE
Maintainer: ‘Robin K. S. Hankin <hankin.robin@gmail.com>’
No Authors@R field in DESCRIPTION.
Please add one, modifying
Authors@R: c(person(given = "Jonathan",
family = "Rougier",
role = "aut",
email = "j.c.rougier@bristol.ac.uk"),
person(given = c("Robin", "K.", "S."),
family = "Hankin",
role = "cre",
email = "hankin.robin@gmail.com"))
as necessary.
Flavors: r-devel-linux-x86_64-debian-clang, r-devel-linux-x86_64-debian-gcc