Last updated on 2025-04-29 01:49:42 CEST.
Flavor | Version | Tinstall | Tcheck | Ttotal | Status | Flags |
---|---|---|---|---|---|---|
r-devel-linux-x86_64-debian-clang | 1.0.0 | 3.05 | 306.51 | 309.56 | OK | |
r-devel-linux-x86_64-debian-gcc | 1.0.0 | 2.39 | 175.49 | 177.88 | WARN | |
r-devel-linux-x86_64-fedora-clang | 1.0.0 | 492.49 | OK | |||
r-devel-linux-x86_64-fedora-gcc | 1.0.0 | 494.65 | OK | |||
r-devel-windows-x86_64 | 1.0.0 | 6.00 | 252.00 | 258.00 | OK | |
r-patched-linux-x86_64 | 1.0.0 | 3.20 | 293.61 | 296.81 | OK | |
r-release-linux-x86_64 | 1.0.0 | 3.06 | 292.76 | 295.82 | OK | |
r-release-macos-arm64 | 1.0.0 | 117.00 | OK | |||
r-release-macos-x86_64 | 1.0.0 | 256.00 | OK | |||
r-release-windows-x86_64 | 1.0.0 | 5.00 | 260.00 | 265.00 | OK | |
r-oldrel-macos-arm64 | 1.0.0 | 124.00 | NOTE | |||
r-oldrel-macos-x86_64 | 1.0.0 | 190.00 | NOTE | |||
r-oldrel-windows-x86_64 | 1.0.0 | 6.00 | 363.00 | 369.00 | NOTE |
Version: 1.0.0
Check: top-level files
Result: WARN
Conversion of ‘README.md’ failed:
Error parsing YAML metadata at "/home/hornik/tmp/R.check/r-devel-gcc/Work/PKGS/OOS/README.md" (line 14, column 1):
YAML parse exception at line 5, column 2,
while scanning a block scalar:
did not find expected comment or line break
Flavor: r-devel-linux-x86_64-debian-gcc
Version: 1.0.0
Check: LazyData
Result: NOTE
'LazyData' is specified without a 'data' directory
Flavors: r-oldrel-macos-arm64, r-oldrel-macos-x86_64, r-oldrel-windows-x86_64