Last updated on 2025-05-19 01:50:01 CEST.
Flavor | Version | Tinstall | Tcheck | Ttotal | Status | Flags |
---|---|---|---|---|---|---|
r-devel-linux-x86_64-debian-clang | 0.6 | 3.04 | 24.53 | 27.57 | NOTE | |
r-devel-linux-x86_64-debian-gcc | 0.6 | 2.37 | 18.55 | 20.92 | NOTE | |
r-devel-linux-x86_64-fedora-clang | 0.6 | 45.44 | OK | |||
r-devel-linux-x86_64-fedora-gcc | 0.6 | 41.23 | OK | |||
r-devel-windows-x86_64 | 0.6 | 4.00 | 45.00 | 49.00 | OK | |
r-patched-linux-x86_64 | 0.6 | 2.84 | 23.19 | 26.03 | OK | |
r-release-linux-x86_64 | 0.6 | 2.91 | 23.44 | 26.35 | OK | |
r-release-macos-arm64 | 0.6 | 17.00 | OK | |||
r-release-macos-x86_64 | 0.6 | 31.00 | OK | |||
r-release-windows-x86_64 | 0.6 | 5.00 | 48.00 | 53.00 | OK | |
r-oldrel-macos-arm64 | 0.6 | 20.00 | NOTE | |||
r-oldrel-macos-x86_64 | 0.6 | 26.00 | NOTE | |||
r-oldrel-windows-x86_64 | 0.6 | 5.00 | 49.00 | 54.00 | NOTE |
Version: 0.6
Check: CRAN incoming feasibility
Result: NOTE
Maintainer: ‘Xianyan Chen <xychen@uga.edu>’
No Authors@R field in DESCRIPTION.
Please add one, modifying
Authors@R: c(person(given = "Xianyan",
family = "Chen",
role = c("aut", "cre"),
email = "xychen@uga.edu"),
person(given = "Xiangrong",
family = "Yin",
role = "aut",
email = "yinxiangrong@uky.edu"))
as necessary.
Flavors: r-devel-linux-x86_64-debian-clang, r-devel-linux-x86_64-debian-gcc
Version: 0.6
Check: LazyData
Result: NOTE
'LazyData' is specified without a 'data' directory
Flavors: r-oldrel-macos-arm64, r-oldrel-macos-x86_64, r-oldrel-windows-x86_64