CRAN Package Check Results for Package NetworkInference

Last updated on 2025-07-20 12:49:31 CEST.

Flavor Version Tinstall Tcheck Ttotal Status Flags
r-devel-linux-x86_64-debian-clang 1.2.4 30.15 100.31 130.46 NOTE
r-devel-linux-x86_64-debian-gcc 1.2.4 22.92 70.84 93.76 NOTE
r-devel-linux-x86_64-fedora-clang 1.2.4 224.20 NOTE
r-devel-linux-x86_64-fedora-gcc 1.2.4 220.77 NOTE
r-devel-windows-x86_64 1.2.4 42.00 122.00 164.00 NOTE
r-patched-linux-x86_64 1.2.4 33.11 93.89 127.00 NOTE
r-release-linux-x86_64 1.2.4 31.42 95.58 127.00 NOTE
r-release-macos-arm64 1.2.4 92.00 NOTE
r-release-macos-x86_64 1.2.4 117.00 NOTE
r-release-windows-x86_64 1.2.4 41.00 120.00 161.00 NOTE
r-oldrel-macos-arm64 1.2.4 68.00 NOTE
r-oldrel-macos-x86_64 1.2.4 142.00 NOTE
r-oldrel-windows-x86_64 1.2.4 45.00 154.00 199.00 NOTE

Check Details

Version: 1.2.4
Check: CRAN incoming feasibility
Result: NOTE Maintainer: ‘Fridolin Linder <fridolin.linder@gmail.com>’ Package CITATION file contains call(s) to old-style personList() or as.personList(). Please use c() on person objects instead. Package CITATION file contains call(s) to old-style citEntry(). Please use bibentry() instead. Found the following URLs which should use \doi (with the DOI name only): File ‘policies.Rd’: https://doi.org/10.7910/DVN/CVYSR7 Flavors: r-devel-linux-x86_64-debian-clang, r-devel-linux-x86_64-debian-gcc

Version: 1.2.4
Check: C++ specification
Result: NOTE Specified C++11: please drop specification unless essential Flavors: r-devel-linux-x86_64-debian-clang, r-devel-linux-x86_64-debian-gcc, r-devel-linux-x86_64-fedora-clang, r-devel-linux-x86_64-fedora-gcc, r-devel-windows-x86_64, r-patched-linux-x86_64, r-release-linux-x86_64, r-release-macos-arm64, r-release-macos-x86_64, r-release-windows-x86_64, r-oldrel-macos-arm64, r-oldrel-macos-x86_64, r-oldrel-windows-x86_64