Last updated on 2024-08-16 12:49:14 CEST.
Flavor | Version | Tinstall | Tcheck | Ttotal | Status | Flags |
---|---|---|---|---|---|---|
r-devel-linux-x86_64-debian-clang | 0.8 | 22.70 | 144.40 | 167.10 | NOTE | --no-vignettes |
r-devel-linux-x86_64-debian-gcc | 0.8 | 15.25 | 98.02 | 113.27 | NOTE | --no-vignettes |
r-devel-linux-x86_64-fedora-clang | 0.8 | 265.62 | NOTE | |||
r-devel-linux-x86_64-fedora-gcc | 0.8 | 249.83 | NOTE | |||
r-devel-windows-x86_64 | 0.8 | 22.00 | 138.00 | 160.00 | NOTE | |
r-patched-linux-x86_64 | 0.8 | 21.44 | 133.81 | 155.25 | NOTE | --no-vignettes |
r-release-linux-x86_64 | 0.8 | 18.80 | 135.45 | 154.25 | NOTE | --no-vignettes |
r-release-macos-arm64 | 0.8 | 68.00 | NOTE | |||
r-release-macos-x86_64 | 0.8 | 100.00 | NOTE | |||
r-release-windows-x86_64 | 0.8 | 22.00 | 137.00 | 159.00 | NOTE | |
r-oldrel-macos-arm64 | 0.8 | 78.00 | NOTE | |||
r-oldrel-macos-x86_64 | 0.8 | 125.00 | NOTE | |||
r-oldrel-windows-x86_64 | 0.8 | 30.00 | 176.00 | 206.00 | NOTE |
Version: 0.8
Flags: --no-vignettes
Check: Rd files
Result: NOTE
checkRd: (-1) NetworkChange.Rd:163: Escaped LaTeX specials: \&
checkRd: (-1) NetworkChangeRobust.Rd:144: Escaped LaTeX specials: \&
checkRd: (-1) NetworkStatic.Rd:142: Escaped LaTeX specials: \&
Flavors: r-devel-linux-x86_64-debian-clang, r-devel-linux-x86_64-debian-gcc, r-patched-linux-x86_64, r-release-linux-x86_64
Version: 0.8
Check: Rd files
Result: NOTE
checkRd: (-1) NetworkChange.Rd:163: Escaped LaTeX specials: \&
checkRd: (-1) NetworkChangeRobust.Rd:144: Escaped LaTeX specials: \&
checkRd: (-1) NetworkStatic.Rd:142: Escaped LaTeX specials: \&
Flavors: r-devel-linux-x86_64-fedora-clang, r-devel-linux-x86_64-fedora-gcc, r-devel-windows-x86_64, r-release-macos-arm64, r-release-macos-x86_64, r-release-windows-x86_64, r-oldrel-macos-arm64, r-oldrel-macos-x86_64, r-oldrel-windows-x86_64