CRAN Package Check Results for Package NetCoupler

Last updated on 2025-04-29 01:49:41 CEST.

Flavor Version Tinstall Tcheck Ttotal Status Flags
r-devel-linux-x86_64-debian-clang 0.1.0 4.75 69.19 73.94 OK
r-devel-linux-x86_64-debian-gcc 0.1.0 3.41 51.53 54.94 NOTE
r-devel-linux-x86_64-fedora-clang 0.1.0 126.50 OK
r-devel-linux-x86_64-fedora-gcc 0.1.0 124.78 OK
r-devel-windows-x86_64 0.1.0 7.00 81.00 88.00 OK
r-patched-linux-x86_64 0.1.0 5.38 65.21 70.59 OK
r-release-linux-x86_64 0.1.0 4.76 65.33 70.09 OK
r-release-macos-arm64 0.1.0 88.00 OK
r-release-macos-x86_64 0.1.0 85.00 OK
r-release-windows-x86_64 0.1.0 7.00 83.00 90.00 OK
r-oldrel-macos-arm64 0.1.0 46.00 OK
r-oldrel-macos-x86_64 0.1.0 66.00 OK
r-oldrel-windows-x86_64 0.1.0 8.00 99.00 107.00 OK

Check Details

Version: 0.1.0
Check: CRAN incoming feasibility
Result: NOTE Maintainer: ‘Luke Johnston <lwjohnst@gmail.com>’ Package has help file(s) containing later-stage \Sexpr{} expressions but no 'build/stage23.rdb' file. Flavor: r-devel-linux-x86_64-debian-gcc

Version: 0.1.0
Check: examples
Result: NOTE Examples with CPU (user + system) or elapsed time > 5s user system elapsed nc_estimate_links 3.371 0.293 5.212 Flavor: r-devel-linux-x86_64-debian-gcc