Last updated on 2025-02-21 01:50:39 CET.
Flavor | Version | Tinstall | Tcheck | Ttotal | Status | Flags |
---|---|---|---|---|---|---|
r-devel-linux-x86_64-debian-clang | 0.13.5 | 178.22 | 106.61 | 284.83 | OK | |
r-devel-linux-x86_64-debian-gcc | 0.13.5 | 123.90 | 69.13 | 193.03 | OK | |
r-devel-linux-x86_64-fedora-clang | 0.13.5 | 576.77 | OK | |||
r-devel-linux-x86_64-fedora-gcc | 0.13.5 | 576.32 | OK | |||
r-devel-macos-arm64 | 0.13.5 | 112.00 | OK | |||
r-devel-macos-x86_64 | 0.13.5 | 152.00 | OK | |||
r-devel-windows-x86_64 | 0.13.5 | 178.00 | 148.00 | 326.00 | OK | |
r-patched-linux-x86_64 | 0.13.5 | 181.10 | 98.13 | 279.23 | OK | |
r-release-linux-x86_64 | 0.13.5 | 170.46 | 98.15 | 268.61 | OK | |
r-release-macos-arm64 | 0.13.5 | 112.00 | NOTE | |||
r-release-macos-x86_64 | 0.13.5 | 115.00 | NOTE | |||
r-release-windows-x86_64 | 0.13.5 | 185.00 | 140.00 | 325.00 | OK | |
r-oldrel-macos-arm64 | 0.13.5 | 93.00 | NOTE | |||
r-oldrel-macos-x86_64 | 0.13.5 | 170.00 | NOTE | |||
r-oldrel-windows-x86_64 | 0.13.5 | 232.00 | 188.00 | 420.00 | OK |
Version: 0.13.5
Check: installed package size
Result: NOTE
installed size is 7.3Mb
sub-directories of 1Mb or more:
libs 6.6Mb
Flavors: r-release-macos-arm64, r-release-macos-x86_64, r-oldrel-macos-arm64, r-oldrel-macos-x86_64