CRAN Package Check Results for Package NPIstats

Last updated on 2025-07-19 13:50:19 CEST.

Flavor Version Tinstall Tcheck Ttotal Status Flags
r-devel-linux-x86_64-debian-clang 0.1.0 1.54 24.03 25.57 OK
r-devel-linux-x86_64-debian-gcc 0.1.0 1.55 19.54 21.09 OK
r-devel-linux-x86_64-fedora-clang 0.1.0 41.48 NOTE
r-devel-linux-x86_64-fedora-gcc 0.1.0 52.70 NOTE
r-devel-windows-x86_64 0.1.0 4.00 47.00 51.00 OK
r-patched-linux-x86_64 0.1.0 1.99 23.13 25.12 OK
r-release-linux-x86_64 0.1.0 1.95 22.66 24.61 OK
r-release-macos-arm64 0.1.0 24.00 OK
r-release-macos-x86_64 0.1.0 40.00 OK
r-release-windows-x86_64 0.1.0 3.00 45.00 48.00 OK
r-oldrel-macos-arm64 0.1.0 26.00 OK
r-oldrel-macos-x86_64 0.1.0 41.00 OK
r-oldrel-windows-x86_64 0.1.0 4.00 50.00 54.00 OK

Check Details

Version: 0.1.0
Check: dependencies in R code
Result: NOTE Namespace in Imports field not imported from: ‘dplyr’ All declared Imports should be used. Flavors: r-devel-linux-x86_64-fedora-clang, r-devel-linux-x86_64-fedora-gcc