Last updated on 2025-04-29 01:49:41 CEST.
Flavor | Version | Tinstall | Tcheck | Ttotal | Status | Flags |
---|---|---|---|---|---|---|
r-devel-linux-x86_64-debian-clang | 1.0.0 | 11.04 | 96.70 | 107.74 | OK | |
r-devel-linux-x86_64-debian-gcc | 1.0.0 | 8.79 | 72.58 | 81.37 | NOTE | |
r-devel-linux-x86_64-fedora-clang | 1.0.0 | 184.10 | OK | |||
r-devel-linux-x86_64-fedora-gcc | 1.0.0 | 176.78 | OK | |||
r-devel-windows-x86_64 | 1.0.0 | 10.00 | 104.00 | 114.00 | OK | |
r-patched-linux-x86_64 | 1.0.0 | 10.00 | 94.24 | 104.24 | OK | |
r-release-linux-x86_64 | 1.0.0 | 9.36 | 92.95 | 102.31 | OK | |
r-release-macos-arm64 | 1.0.0 | 61.00 | OK | |||
r-release-macos-x86_64 | 1.0.0 | 135.00 | OK | |||
r-release-windows-x86_64 | 1.0.0 | 10.00 | 109.00 | 119.00 | OK | |
r-oldrel-macos-arm64 | 1.0.0 | 59.00 | OK | |||
r-oldrel-macos-x86_64 | 1.0.0 | 174.00 | OK | |||
r-oldrel-windows-x86_64 | 1.0.0 | 13.00 | 136.00 | 149.00 | OK |
Version: 1.0.0
Check: examples
Result: NOTE
Examples with CPU (user + system) or elapsed time > 5s
user system elapsed
deconvolve 6.57 0.111 8.52
Flavor: r-devel-linux-x86_64-debian-gcc