Last updated on 2025-04-29 01:49:41 CEST.
Flavor | Version | Tinstall | Tcheck | Ttotal | Status | Flags |
---|---|---|---|---|---|---|
r-devel-linux-x86_64-debian-clang | 0.1.8.7 | 9.26 | 77.86 | 87.12 | OK | |
r-devel-linux-x86_64-debian-gcc | 0.1.8.7 | 6.65 | 57.14 | 63.79 | NOTE | |
r-devel-linux-x86_64-fedora-clang | 0.1.8.7 | 134.44 | OK | |||
r-devel-linux-x86_64-fedora-gcc | 0.1.8.7 | 132.79 | OK | |||
r-devel-windows-x86_64 | 0.1.8.7 | 10.00 | 86.00 | 96.00 | OK | |
r-patched-linux-x86_64 | 0.1.8.7 | 8.88 | 73.81 | 82.69 | OK | |
r-release-linux-x86_64 | 0.1.8.7 | 8.47 | 73.48 | 81.95 | OK | |
r-release-macos-arm64 | 0.1.8.7 | 43.00 | OK | |||
r-release-macos-x86_64 | 0.1.8.7 | 78.00 | OK | |||
r-release-windows-x86_64 | 0.1.8.7 | 10.00 | 88.00 | 98.00 | OK | |
r-oldrel-macos-arm64 | 0.1.8.7 | 41.00 | OK | |||
r-oldrel-macos-x86_64 | 0.1.8.7 | 60.00 | OK | |||
r-oldrel-windows-x86_64 | 0.1.8.7 | 13.00 | 116.00 | 129.00 | OK |
Version: 0.1.8.7
Check: CRAN incoming feasibility
Result: NOTE
Maintainer: ‘Brian P. O'Connor <brian.oconnor@ubc.ca>’
No Authors@R field in DESCRIPTION.
Please add one, modifying
Authors@R: person(given = c("Brian", "P."),
family = "O'Connor",
role = c("aut", "cre"),
email = "brian.oconnor@ubc.ca")
as necessary.
Flavor: r-devel-linux-x86_64-debian-gcc