Last updated on 2025-04-29 01:49:41 CEST.
Flavor | Version | Tinstall | Tcheck | Ttotal | Status | Flags |
---|---|---|---|---|---|---|
r-devel-linux-x86_64-debian-clang | 1.0.6 | 3.54 | 225.88 | 229.42 | OK | |
r-devel-linux-x86_64-debian-gcc | 1.0.6 | 2.54 | 156.42 | 158.96 | NOTE | |
r-devel-linux-x86_64-fedora-clang | 1.0.6 | 391.27 | OK | |||
r-devel-linux-x86_64-fedora-gcc | 1.0.6 | 376.57 | OK | |||
r-devel-windows-x86_64 | 1.0.6 | 5.00 | 190.00 | 195.00 | OK | |
r-patched-linux-x86_64 | 1.0.6 | 3.71 | 220.55 | 224.26 | OK | |
r-release-linux-x86_64 | 1.0.6 | 3.22 | 222.77 | 225.99 | OK | |
r-release-macos-arm64 | 1.0.6 | 101.00 | OK | |||
r-release-macos-x86_64 | 1.0.6 | 224.00 | OK | |||
r-release-windows-x86_64 | 1.0.6 | 5.00 | 191.00 | 196.00 | OK | |
r-oldrel-macos-arm64 | 1.0.6 | 96.00 | OK | |||
r-oldrel-macos-x86_64 | 1.0.6 | 221.00 | OK | |||
r-oldrel-windows-x86_64 | 1.0.6 | 6.00 | 243.00 | 249.00 | OK |
Version: 1.0.6
Check: examples
Result: NOTE
Examples with CPU (user + system) or elapsed time > 5s
user system elapsed
SPC_AAM 11.691 0.007 14.068
SPC_DSM 9.480 0.000 11.423
SPC_ADSM 9.368 0.012 11.929
MPC_AAM 8.243 0.044 9.421
SPC_EMP 6.199 0.004 7.314
MPC_ADSM 5.645 0.027 6.844
MPC_DSM 5.396 0.012 6.458
Flavor: r-devel-linux-x86_64-debian-gcc