Last updated on 2024-06-13 00:55:24 CEST.
Flavor | Version | Tinstall | Tcheck | Ttotal | Status | Flags |
---|---|---|---|---|---|---|
r-devel-linux-x86_64-debian-clang | 1.4-3 | 18.77 | 196.08 | 214.85 | OK | |
r-devel-linux-x86_64-debian-gcc | 1.4-3 | 0.40 | 1.73 | 2.13 | ERROR | |
r-devel-linux-x86_64-fedora-clang | 1.4-3 | 258.45 | OK | |||
r-devel-linux-x86_64-fedora-gcc | 1.4-3 | 240.60 | OK | |||
r-devel-windows-x86_64 | 1.4-3 | 18.00 | 133.00 | 151.00 | OK | |
r-patched-linux-x86_64 | 1.4-3 | 20.29 | 180.08 | 200.37 | OK | |
r-release-linux-x86_64 | 1.4-3 | 18.94 | 182.84 | 201.78 | OK | |
r-release-macos-arm64 | 1.4-3 | 61.00 | OK | |||
r-release-macos-x86_64 | 1.4-3 | 99.00 | OK | |||
r-release-windows-x86_64 | 1.4-3 | 16.00 | 135.00 | 151.00 | OK | |
r-oldrel-macos-arm64 | 1.4-3 | 72.00 | OK | |||
r-oldrel-macos-x86_64 | 1.4-3 | 162.00 | OK | |||
r-oldrel-windows-x86_64 | 1.4-3 | 22.00 | 170.00 | 192.00 | OK |
Version: 1.4-3
Check: package dependencies
Result: ERROR
Packages required but not available: 'ggplot2', 'stringr'
See section ‘The DESCRIPTION file’ in the ‘Writing R Extensions’
manual.
Flavor: r-devel-linux-x86_64-debian-gcc