CRAN Package Check Results for Package NEpiC

Last updated on 2025-04-29 13:51:32 CEST.

Flavor Version Tinstall Tcheck Ttotal Status Flags
r-devel-linux-x86_64-debian-clang 1.0.1 6.42 50.61 57.03 NOTE
r-devel-linux-x86_64-debian-gcc 1.0.1 4.89 36.10 40.99 NOTE
r-devel-linux-x86_64-fedora-clang 1.0.1 79.18 OK
r-devel-linux-x86_64-fedora-gcc 1.0.1 76.01 OK
r-devel-windows-x86_64 1.0.1 8.00 62.00 70.00 OK
r-patched-linux-x86_64 1.0.1 6.08 47.64 53.72 OK
r-release-linux-x86_64 1.0.1 5.92 47.57 53.49 OK
r-release-macos-arm64 1.0.1 26.00 OK
r-release-macos-x86_64 1.0.1 53.00 OK
r-release-windows-x86_64 1.0.1 9.00 68.00 77.00 OK
r-oldrel-macos-arm64 1.0.1 25.00 OK
r-oldrel-macos-x86_64 1.0.1 47.00 OK
r-oldrel-windows-x86_64 1.0.1 9.00 79.00 88.00 OK

Check Details

Version: 1.0.1
Check: CRAN incoming feasibility
Result: NOTE Maintainer: ‘Peifeng Ruan <pruan12@fudan.edu.cn>’ No Authors@R field in DESCRIPTION. Please add one, modifying Authors@R: person(given = "Peifeng", family = "Ruan", role = c("aut", "cre"), email = "pruan12@fudan.edu.cn") as necessary. Flavors: r-devel-linux-x86_64-debian-clang, r-devel-linux-x86_64-debian-gcc