CRAN Package Check Results for Package NBtsVarSel

Last updated on 2025-04-29 01:49:41 CEST.

Flavor Version Tinstall Tcheck Ttotal Status Flags
r-devel-linux-x86_64-debian-clang 1.0 9.53 96.12 105.65 OK
r-devel-linux-x86_64-debian-gcc 1.0 7.38 70.53 77.91 NOTE
r-devel-linux-x86_64-fedora-clang 1.0 168.06 OK
r-devel-linux-x86_64-fedora-gcc 1.0 175.77 OK
r-devel-windows-x86_64 1.0 13.00 105.00 118.00 OK
r-patched-linux-x86_64 1.0 9.95 96.01 105.96 OK
r-release-linux-x86_64 1.0 10.77 95.73 106.50 OK
r-release-macos-arm64 1.0 53.00 OK
r-release-macos-x86_64 1.0 108.00 OK
r-release-windows-x86_64 1.0 13.00 107.00 120.00 OK
r-oldrel-macos-arm64 1.0 50.00 OK
r-oldrel-macos-x86_64 1.0 95.00 OK
r-oldrel-windows-x86_64 1.0 15.00 130.00 145.00 OK

Check Details

Version: 1.0
Check: CRAN incoming feasibility
Result: NOTE Maintainer: ‘Marina Gomtsyan <mgomtsian@gmail.com>’ The Description field contains <arXiv:2307.00929>. Please refer to arXiv e-prints via their arXiv DOI <doi:10.48550/arXiv.YYMM.NNNNN>. Flavor: r-devel-linux-x86_64-debian-gcc