Last updated on 2025-05-19 12:50:10 CEST.
Flavor | Version | Tinstall | Tcheck | Ttotal | Status | Flags |
---|---|---|---|---|---|---|
r-devel-linux-x86_64-debian-clang | 1.2 | 2.02 | 34.56 | 36.58 | NOTE | |
r-devel-linux-x86_64-debian-gcc | 1.2 | 1.75 | 26.06 | 27.81 | NOTE | |
r-devel-linux-x86_64-fedora-clang | 1.2 | 58.95 | OK | |||
r-devel-linux-x86_64-fedora-gcc | 1.2 | 55.97 | OK | |||
r-devel-windows-x86_64 | 1.2 | 4.00 | 59.00 | 63.00 | OK | |
r-patched-linux-x86_64 | 1.2 | 2.08 | 32.39 | 34.47 | OK | |
r-release-linux-x86_64 | 1.2 | 2.31 | 32.49 | 34.80 | OK | |
r-release-macos-arm64 | 1.2 | 25.00 | OK | |||
r-release-macos-x86_64 | 1.2 | 47.00 | OK | |||
r-release-windows-x86_64 | 1.2 | 3.00 | 67.00 | 70.00 | OK | |
r-oldrel-macos-arm64 | 1.2 | 20.00 | OK | |||
r-oldrel-macos-x86_64 | 1.2 | 36.00 | OK | |||
r-oldrel-windows-x86_64 | 1.2 | 3.00 | 64.00 | 67.00 | OK |
Version: 1.2
Check: CRAN incoming feasibility
Result: NOTE
Maintainer: ‘Eric F. Lock <elock@umn.edu>’
No Authors@R field in DESCRIPTION.
Please add one, modifying
Authors@R: person(given = c("Eric", "F."),
family = "Lock",
role = c("aut", "cre"),
email = "elock@umn.edu")
as necessary.
Flavors: r-devel-linux-x86_64-debian-clang, r-devel-linux-x86_64-debian-gcc