Last updated on 2025-07-19 13:50:18 CEST.
Flavor | Version | Tinstall | Tcheck | Ttotal | Status | Flags |
---|---|---|---|---|---|---|
r-devel-linux-x86_64-debian-clang | 1.0 | 69.47 | 334.07 | 403.54 | OK | |
r-devel-linux-x86_64-debian-gcc | 1.0 | 46.01 | 205.77 | 251.78 | OK | |
r-devel-linux-x86_64-fedora-clang | 1.0 | 632.42 | OK | |||
r-devel-linux-x86_64-fedora-gcc | 1.0 | 602.44 | OK | |||
r-devel-windows-x86_64 | 1.0 | 70.00 | 260.00 | 330.00 | OK | |
r-patched-linux-x86_64 | 1.0 | 63.32 | 296.88 | 360.20 | OK | |
r-release-linux-x86_64 | 1.0 | 62.57 | 301.29 | 363.86 | OK | |
r-release-macos-arm64 | 1.0 | 149.00 | OK | |||
r-release-macos-x86_64 | 1.0 | 314.00 | OK | |||
r-release-windows-x86_64 | 1.0 | 69.00 | 261.00 | 330.00 | OK | |
r-oldrel-macos-arm64 | 1.0 | 148.00 | NOTE | |||
r-oldrel-macos-x86_64 | 1.0 | 319.00 | NOTE | |||
r-oldrel-windows-x86_64 | 1.0 | 89.00 | 366.00 | 455.00 | NOTE |
Version: 1.0
Check: installed package size
Result: NOTE
installed size is 8.2Mb
sub-directories of 1Mb or more:
doc 2.7Mb
help 2.2Mb
libs 2.3Mb
Flavors: r-oldrel-macos-arm64, r-oldrel-macos-x86_64, r-oldrel-windows-x86_64