Last updated on 2025-04-29 01:49:41 CEST.
Flavor | Version | Tinstall | Tcheck | Ttotal | Status | Flags |
---|---|---|---|---|---|---|
r-devel-linux-x86_64-debian-clang | 1.0 | 8.12 | 95.58 | 103.70 | OK | |
r-devel-linux-x86_64-debian-gcc | 1.0 | 7.67 | 72.79 | 80.46 | NOTE | |
r-devel-linux-x86_64-fedora-clang | 1.0 | 165.88 | OK | |||
r-devel-linux-x86_64-fedora-gcc | 1.0 | 176.46 | OK | |||
r-devel-windows-x86_64 | 1.0 | 11.00 | 109.00 | 120.00 | OK | |
r-patched-linux-x86_64 | 1.0 | 10.20 | 96.73 | 106.93 | OK | |
r-release-linux-x86_64 | 1.0 | 8.98 | 98.61 | 107.59 | OK | |
r-release-macos-arm64 | 1.0 | 66.00 | OK | |||
r-release-macos-x86_64 | 1.0 | 113.00 | OK | |||
r-release-windows-x86_64 | 1.0 | 12.00 | 109.00 | 121.00 | OK | |
r-oldrel-macos-arm64 | 1.0 | 54.00 | OK | |||
r-oldrel-macos-x86_64 | 1.0 | 88.00 | OK | |||
r-oldrel-windows-x86_64 | 1.0 | 14.00 | 137.00 | 151.00 | OK |
Version: 1.0
Check: CRAN incoming feasibility
Result: NOTE
Maintainer: ‘Marina Gomtsyan <marina.gomtsyan@agroparistech.fr>’
No Authors@R field in DESCRIPTION.
Please add one, modifying
Authors@R: person(given = "Marina",
family = "Gomtsyan",
role = c("aut", "cre"),
email = "marina.gomtsyan@agroparistech.fr")
as necessary.
The Description field contains
(2022), <arXiv:2208.14721>.
Please refer to arXiv e-prints via their arXiv DOI <doi:10.48550/arXiv.YYMM.NNNNN>.
Flavor: r-devel-linux-x86_64-debian-gcc