Last updated on 2025-05-05 13:52:30 CEST.
Flavor | Version | Tinstall | Tcheck | Ttotal | Status | Flags |
---|---|---|---|---|---|---|
r-devel-linux-x86_64-debian-clang | 0.1.0 | 1.78 | 27.59 | 29.37 | NOTE | |
r-devel-linux-x86_64-debian-gcc | 0.1.0 | 1.46 | 22.26 | 23.72 | NOTE | |
r-devel-linux-x86_64-fedora-clang | 0.1.0 | 46.46 | OK | |||
r-devel-linux-x86_64-fedora-gcc | 0.1.0 | 58.30 | OK | |||
r-devel-windows-x86_64 | 0.1.0 | 3.00 | 52.00 | 55.00 | OK | |
r-patched-linux-x86_64 | 0.1.0 | 1.64 | 26.45 | 28.09 | OK | |
r-release-linux-x86_64 | 0.1.0 | 1.83 | 26.33 | 28.16 | OK | |
r-release-macos-arm64 | 0.1.0 | 28.00 | OK | |||
r-release-macos-x86_64 | 0.1.0 | 48.00 | OK | |||
r-release-windows-x86_64 | 0.1.0 | 3.00 | 52.00 | 55.00 | OK | |
r-oldrel-macos-arm64 | 0.1.0 | 24.00 | OK | |||
r-oldrel-macos-x86_64 | 0.1.0 | 37.00 | OK | |||
r-oldrel-windows-x86_64 | 0.1.0 | 3.00 | 60.00 | 63.00 | OK |
Version: 0.1.0
Check: CRAN incoming feasibility
Result: NOTE
Maintainer: ‘Xinyong Tian <xinyongtian@gmail.com>’
No Authors@R field in DESCRIPTION.
Please add one, modifying
Authors@R: person(given = "Xinyong",
family = "Tian",
role = c("aut", "cre"),
email = "xinyongtian@gmail.com")
as necessary.
Flavors: r-devel-linux-x86_64-debian-clang, r-devel-linux-x86_64-debian-gcc