Last updated on 2025-04-29 01:49:39 CEST.
Flavor | Version | Tinstall | Tcheck | Ttotal | Status | Flags |
---|---|---|---|---|---|---|
r-devel-linux-x86_64-debian-clang | 1.1.0 | 2.26 | 49.69 | 51.95 | OK | |
r-devel-linux-x86_64-debian-gcc | 1.1.0 | 1.78 | 45.97 | 47.75 | NOTE | |
r-devel-linux-x86_64-fedora-clang | 1.1.0 | 78.07 | OK | |||
r-devel-linux-x86_64-fedora-gcc | 1.1.0 | 88.05 | OK | |||
r-devel-windows-x86_64 | 1.1.0 | 4.00 | 198.00 | 202.00 | OK | |
r-patched-linux-x86_64 | 1.1.0 | 1.65 | 54.30 | 55.95 | OK | |
r-release-linux-x86_64 | 1.1.0 | 1.73 | 47.21 | 48.94 | OK | |
r-release-macos-arm64 | 1.1.0 | 47.00 | OK | |||
r-release-macos-x86_64 | 1.1.0 | 212.00 | OK | |||
r-release-windows-x86_64 | 1.1.0 | 4.00 | 164.00 | 168.00 | OK | |
r-oldrel-macos-arm64 | 1.1.0 | 32.00 | OK | |||
r-oldrel-macos-x86_64 | 1.1.0 | 51.00 | OK | |||
r-oldrel-windows-x86_64 | 1.1.0 | 4.00 | 93.00 | 97.00 | OK |
Version: 1.1.0
Check: CRAN incoming feasibility
Result: NOTE
Maintainer: ‘Alireza S. Mahani <alireza.s.mahani@gmail.com>’
No Authors@R field in DESCRIPTION.
Please add one, modifying
Authors@R: c(person(given = c("Alireza", "S."),
family = "Mahani",
role = c("aut", "cre"),
email = "alireza.s.mahani@gmail.com"),
person(given = c("Mansour", "T.A."),
family = "Sharabiani",
role = "aut"))
as necessary.
Flavor: r-devel-linux-x86_64-debian-gcc