Last updated on 2024-06-30 00:59:18 CEST.
Flavor | Version | Tinstall | Tcheck | Ttotal | Status | Flags |
---|---|---|---|---|---|---|
r-devel-linux-x86_64-debian-clang | 1.3.0 | 92.61 | 249.64 | 342.25 | NOTE | |
r-devel-linux-x86_64-debian-gcc | 1.3.0 | 72.19 | 191.97 | 264.16 | NOTE | |
r-devel-linux-x86_64-fedora-clang | 1.3.0 | 447.46 | OK | |||
r-devel-linux-x86_64-fedora-gcc | 1.3.0 | 454.52 | OK | |||
r-devel-windows-x86_64 | 1.3.0 | 73.00 | 207.00 | 280.00 | OK | |
r-patched-linux-x86_64 | 1.3.0 | 65.54 | 238.25 | 303.79 | NOTE | |
r-release-linux-x86_64 | 1.3.0 | 64.93 | 245.24 | 310.17 | NOTE | |
r-release-macos-arm64 | 1.3.0 | 118.00 | NOTE | |||
r-release-macos-x86_64 | 1.3.0 | 161.00 | NOTE | |||
r-release-windows-x86_64 | 1.3.0 | 76.00 | 210.00 | 286.00 | OK | |
r-oldrel-macos-arm64 | 1.3.0 | 117.00 | NOTE | |||
r-oldrel-macos-x86_64 | 1.3.0 | 301.00 | NOTE | |||
r-oldrel-windows-x86_64 | 1.3.0 | 93.00 | 264.00 | 357.00 | NOTE |
Version: 1.3.0
Check: package dependencies
Result: NOTE
Package suggested but not available for checking: ‘INLA’
Flavors: r-devel-linux-x86_64-debian-clang, r-devel-linux-x86_64-debian-gcc, r-patched-linux-x86_64, r-release-linux-x86_64, r-release-macos-arm64, r-release-macos-x86_64, r-oldrel-macos-arm64, r-oldrel-macos-x86_64, r-oldrel-windows-x86_64
Version: 1.3.0
Check: installed package size
Result: NOTE
installed size is 12.8Mb
sub-directories of 1Mb or more:
libs 11.5Mb
Flavors: r-release-macos-arm64, r-release-macos-x86_64, r-oldrel-macos-arm64, r-oldrel-macos-x86_64