CRAN Package Check Results for Package MetaNLP

Last updated on 2025-04-29 01:49:39 CEST.

Flavor Version Tinstall Tcheck Ttotal Status Flags
r-devel-linux-x86_64-debian-clang 0.1.3 54.67 116.80 171.47 NOTE
r-devel-linux-x86_64-debian-gcc 0.1.3 49.15 93.25 142.40 NOTE
r-devel-linux-x86_64-fedora-clang 0.1.3 266.23 NOTE
r-devel-linux-x86_64-fedora-gcc 0.1.3 264.48 NOTE
r-devel-windows-x86_64 0.1.3 60.00 122.00 182.00 NOTE
r-patched-linux-x86_64 0.1.3 54.54 114.29 168.83 NOTE
r-release-linux-x86_64 0.1.3 54.80 113.27 168.07 NOTE
r-release-macos-arm64 0.1.3 101.00 NOTE
r-release-macos-x86_64 0.1.3 163.00 NOTE
r-release-windows-x86_64 0.1.3 62.00 123.00 185.00 NOTE
r-oldrel-macos-arm64 0.1.3 87.00 NOTE
r-oldrel-macos-x86_64 0.1.3 109.00 NOTE
r-oldrel-windows-x86_64 0.1.3 75.00 152.00 227.00 OK

Check Details

Version: 0.1.3
Check: DESCRIPTION meta-information
Result: NOTE Missing dependency on R >= 4.1.0 because package code uses the pipe |> or function shorthand \(...) syntax added in R 4.1.0. File(s) using such syntax: ‘MetaNLP.R’ ‘delete_functions.R’ ‘useful_functions.R’ Flavors: r-devel-linux-x86_64-debian-clang, r-devel-linux-x86_64-debian-gcc, r-devel-linux-x86_64-fedora-clang, r-devel-linux-x86_64-fedora-gcc, r-devel-windows-x86_64, r-patched-linux-x86_64, r-release-linux-x86_64, r-release-macos-arm64, r-release-macos-x86_64, r-release-windows-x86_64

Version: 0.1.3
Check: installed package size
Result: NOTE installed size is 5.2Mb sub-directories of 1Mb or more: R 4.9Mb Flavors: r-oldrel-macos-arm64, r-oldrel-macos-x86_64