CRAN Package Check Results for Package MVQuickGraphs

Last updated on 2025-02-22 00:49:53 CET.

Flavor Version Tinstall Tcheck Ttotal Status Flags
r-devel-linux-x86_64-debian-clang 0.1.2 1.42 17.80 19.22 OK
r-devel-linux-x86_64-debian-gcc 0.1.2 1.34 14.60 15.94 OK
r-devel-linux-x86_64-fedora-clang 0.1.2 30.99 OK
r-devel-linux-x86_64-fedora-gcc 0.1.2 30.04 OK
r-devel-macos-arm64 0.1.2 14.00 OK
r-devel-macos-x86_64 0.1.2 28.00 OK
r-devel-windows-x86_64 0.1.2 4.00 52.00 56.00 OK
r-patched-linux-x86_64 0.1.2 1.82 17.40 19.22 NOTE
r-release-linux-x86_64 0.1.2 1.51 17.12 18.63 NOTE
r-release-macos-arm64 0.1.2 15.00 NOTE
r-release-macos-x86_64 0.1.2 21.00 NOTE
r-release-windows-x86_64 0.1.2 4.00 43.00 47.00 NOTE
r-oldrel-macos-arm64 0.1.2 15.00 NOTE
r-oldrel-macos-x86_64 0.1.2 19.00 NOTE
r-oldrel-windows-x86_64 0.1.2 4.00 43.00 47.00 NOTE

Check Details

Version: 0.1.2
Check: LazyData
Result: NOTE 'LazyData' is specified without a 'data' directory Flavors: r-patched-linux-x86_64, r-release-linux-x86_64, r-release-macos-arm64, r-release-macos-x86_64, r-release-windows-x86_64, r-oldrel-macos-arm64, r-oldrel-macos-x86_64, r-oldrel-windows-x86_64