CRAN Package Check Results for Package MTSYS

Last updated on 2025-02-22 00:49:53 CET.

Flavor Version Tinstall Tcheck Ttotal Status Flags
r-devel-linux-x86_64-debian-clang 1.2.0 2.00 25.44 27.44 OK
r-devel-linux-x86_64-debian-gcc 1.2.0 1.70 19.65 21.35 OK
r-devel-linux-x86_64-fedora-clang 1.2.0 43.67 OK
r-devel-linux-x86_64-fedora-gcc 1.2.0 41.49 OK
r-devel-macos-arm64 1.2.0 19.00 OK
r-devel-macos-x86_64 1.2.0 38.00 OK
r-devel-windows-x86_64 1.2.0 4.00 64.00 68.00 OK
r-patched-linux-x86_64 1.2.0 2.86 25.19 28.05 NOTE
r-release-linux-x86_64 1.2.0 2.02 24.36 26.38 NOTE
r-release-macos-arm64 1.2.0 17.00 NOTE
r-release-macos-x86_64 1.2.0 30.00 NOTE
r-release-windows-x86_64 1.2.0 3.00 55.00 58.00 NOTE
r-oldrel-macos-arm64 1.2.0 19.00 NOTE
r-oldrel-macos-x86_64 1.2.0 25.00 NOTE
r-oldrel-windows-x86_64 1.2.0 3.00 61.00 64.00 NOTE

Check Details

Version: 1.2.0
Check: LazyData
Result: NOTE 'LazyData' is specified without a 'data' directory Flavors: r-patched-linux-x86_64, r-release-linux-x86_64, r-release-macos-arm64, r-release-macos-x86_64, r-release-windows-x86_64, r-oldrel-macos-arm64, r-oldrel-macos-x86_64, r-oldrel-windows-x86_64