Last updated on 2025-05-19 01:50:00 CEST.
Flavor | Version | Tinstall | Tcheck | Ttotal | Status | Flags |
---|---|---|---|---|---|---|
r-devel-linux-x86_64-debian-clang | 2.51 | 271.23 | 349.48 | 620.71 | OK | |
r-devel-linux-x86_64-debian-gcc | 2.51 | 220.05 | 203.39 | 423.44 | OK | |
r-devel-linux-x86_64-fedora-clang | 2.51 | 1090.58 | OK | |||
r-devel-linux-x86_64-fedora-gcc | 2.51 | 1234.16 | OK | |||
r-devel-windows-x86_64 | 2.51 | 313.00 | 340.00 | 653.00 | OK | |
r-patched-linux-x86_64 | 2.51 | 318.04 | 321.14 | 639.18 | OK | |
r-release-linux-x86_64 | 2.51 | 319.28 | 321.28 | 640.56 | OK | |
r-release-macos-arm64 | 2.51 | 220.00 | OK | |||
r-release-macos-x86_64 | 2.51 | 350.00 | OK | |||
r-release-windows-x86_64 | 2.51 | 310.00 | 329.00 | 639.00 | OK | |
r-oldrel-macos-arm64 | 2.51 | 204.00 | NOTE | |||
r-oldrel-macos-x86_64 | 2.51 | 268.00 | NOTE | |||
r-oldrel-windows-x86_64 | 2.51 | 374.00 | 470.00 | 844.00 | NOTE |
Version: 2.51
Check: installed package size
Result: NOTE
installed size is 45.4Mb
sub-directories of 1Mb or more:
libs 45.0Mb
Flavors: r-oldrel-macos-arm64, r-oldrel-macos-x86_64, r-oldrel-windows-x86_64