Last updated on 2025-05-19 12:50:09 CEST.
Flavor | Version | Tinstall | Tcheck | Ttotal | Status | Flags |
---|---|---|---|---|---|---|
r-devel-linux-x86_64-debian-clang | 0.1.2 | 8.89 | 87.68 | 96.57 | NOTE | |
r-devel-linux-x86_64-debian-gcc | 0.1.2 | 6.49 | 62.46 | 68.95 | NOTE | |
r-devel-linux-x86_64-fedora-clang | 0.1.2 | 156.81 | OK | |||
r-devel-linux-x86_64-fedora-gcc | 0.1.2 | 157.44 | OK | |||
r-devel-windows-x86_64 | 0.1.2 | 11.00 | 94.00 | 105.00 | OK | |
r-patched-linux-x86_64 | 0.1.2 | 9.03 | 81.23 | 90.26 | OK | |
r-release-linux-x86_64 | 0.1.2 | 8.26 | 82.55 | 90.81 | OK | |
r-release-macos-arm64 | 0.1.2 | 48.00 | OK | |||
r-release-macos-x86_64 | 0.1.2 | 91.00 | OK | |||
r-release-windows-x86_64 | 0.1.2 | 10.00 | 94.00 | 104.00 | OK | |
r-oldrel-macos-arm64 | 0.1.2 | 46.00 | OK | |||
r-oldrel-macos-x86_64 | 0.1.2 | 74.00 | OK | |||
r-oldrel-windows-x86_64 | 0.1.2 | 12.00 | 115.00 | 127.00 | OK |
Version: 0.1.2
Check: CRAN incoming feasibility
Result: NOTE
Maintainer: ‘Tianchen Qian <t.qian@uci.edu>’
No Authors@R field in DESCRIPTION.
Please add one, modifying
Authors@R: c(person(given = "Eliot",
family = "Wong-Toi",
role = "aut"),
person(given = "Thabat",
family = "Dahdoul",
role = "aut"),
person(given = "Tianchen",
family = "Qian",
role = c("aut", "cre"),
email = "t.qian@uci.edu"))
as necessary.
Flavors: r-devel-linux-x86_64-debian-clang, r-devel-linux-x86_64-debian-gcc