CRAN Package Check Results for Package MNLpred

Last updated on 2025-05-19 01:49:59 CEST.

Flavor Version Tinstall Tcheck Ttotal Status Flags
r-devel-linux-x86_64-debian-clang 0.0.8 1.82 39.31 41.13 NOTE
r-devel-linux-x86_64-debian-gcc 0.0.8 1.59 31.80 33.39 NOTE
r-devel-linux-x86_64-fedora-clang 0.0.8 65.24 OK
r-devel-linux-x86_64-fedora-gcc 0.0.8 76.52 OK
r-devel-windows-x86_64 0.0.8 4.00 61.00 65.00 NOTE
r-patched-linux-x86_64 0.0.8 1.95 36.94 38.89 NOTE
r-release-linux-x86_64 0.0.8 2.12 36.44 38.56 NOTE
r-release-macos-arm64 0.0.8 30.00 OK
r-release-macos-x86_64 0.0.8 70.00 OK
r-release-windows-x86_64 0.0.8 4.00 61.00 65.00 NOTE
r-oldrel-macos-arm64 0.0.8 28.00 OK
r-oldrel-macos-x86_64 0.0.8 63.00 OK
r-oldrel-windows-x86_64 0.0.8 3.00 72.00 75.00 OK

Check Details

Version: 0.0.8
Check: CRAN incoming feasibility
Result: NOTE Maintainer: ‘Manuel Neumann <manuel.neumann@mzes.uni-mannheim.de>’ Package CITATION file contains call(s) to old-style citEntry(). Please use bibentry() instead. Flavors: r-devel-linux-x86_64-debian-clang, r-devel-linux-x86_64-debian-gcc

Version: 0.0.8
Check: Rd cross-references
Result: NOTE Found the following Rd file(s) with Rd \link{} targets missing package anchors: mnl_fd2_ova.Rd: multinom, nnet mnl_fd_ova.Rd: multinom, nnet mnl_pred_ova.Rd: multinom, nnet Please provide package anchors for all Rd \link{} targets not in the package itself and the base packages. Flavors: r-devel-linux-x86_64-debian-clang, r-devel-linux-x86_64-debian-gcc, r-devel-windows-x86_64, r-patched-linux-x86_64, r-release-linux-x86_64, r-release-windows-x86_64