Last updated on 2025-05-23 12:49:33 CEST.
Flavor | Version | Tinstall | Tcheck | Ttotal | Status | Flags |
---|---|---|---|---|---|---|
r-devel-linux-x86_64-debian-clang | 0.1.3 | 1.72 | 18.49 | 20.21 | NOTE | |
r-devel-linux-x86_64-debian-gcc | 0.1.3 | 1.29 | 15.69 | 16.98 | NOTE | |
r-devel-linux-x86_64-fedora-clang | 0.1.3 | 30.53 | OK | |||
r-devel-linux-x86_64-fedora-gcc | 0.1.3 | 28.93 | OK | |||
r-devel-windows-x86_64 | 0.1.3 | 4.00 | 42.00 | 46.00 | OK | |
r-patched-linux-x86_64 | 0.1.3 | 1.73 | 16.82 | 18.55 | OK | |
r-release-linux-x86_64 | 0.1.3 | 1.49 | 17.04 | 18.53 | OK | |
r-release-macos-arm64 | 0.1.3 | 17.00 | OK | |||
r-release-macos-x86_64 | 0.1.3 | 22.00 | OK | |||
r-release-windows-x86_64 | 0.1.3 | 3.00 | 70.00 | 73.00 | OK | |
r-oldrel-macos-arm64 | 0.1.3 | 14.00 | OK | |||
r-oldrel-macos-x86_64 | 0.1.3 | 21.00 | OK | |||
r-oldrel-windows-x86_64 | 0.1.3 | 3.00 | 42.00 | 45.00 | OK |
Version: 0.1.3
Check: CRAN incoming feasibility
Result: NOTE
Maintainer: ‘Jarad Niemi <niemi@iastate.edu>’
No Authors@R field in DESCRIPTION.
Please add one, modifying
Authors@R: person(given = "Jarad",
family = "Niemi",
role = c("aut", "cre"),
email = "niemi@iastate.edu")
as necessary.
Flavors: r-devel-linux-x86_64-debian-clang, r-devel-linux-x86_64-debian-gcc