Last updated on 2025-04-29 01:49:40 CEST.
Flavor | Version | Tinstall | Tcheck | Ttotal | Status | Flags |
---|---|---|---|---|---|---|
r-devel-linux-x86_64-debian-clang | 0.5.1 | 3.42 | 45.15 | 48.57 | OK | |
r-devel-linux-x86_64-debian-gcc | 0.5.1 | 2.16 | 34.17 | 36.33 | NOTE | |
r-devel-linux-x86_64-fedora-clang | 0.5.1 | 76.44 | OK | |||
r-devel-linux-x86_64-fedora-gcc | 0.5.1 | 86.93 | OK | |||
r-devel-windows-x86_64 | 0.5.1 | 4.00 | 91.00 | 95.00 | OK | |
r-patched-linux-x86_64 | 0.5.1 | 3.52 | 43.14 | 46.66 | OK | |
r-release-linux-x86_64 | 0.5.1 | 2.45 | 42.68 | 45.13 | OK | |
r-release-macos-arm64 | 0.5.1 | 35.00 | OK | |||
r-release-macos-x86_64 | 0.5.1 | 62.00 | OK | |||
r-release-windows-x86_64 | 0.5.1 | 4.00 | 94.00 | 98.00 | OK | |
r-oldrel-macos-arm64 | 0.5.1 | 31.00 | OK | |||
r-oldrel-macos-x86_64 | 0.5.1 | 48.00 | OK | |||
r-oldrel-windows-x86_64 | 0.5.1 | 4.00 | 98.00 | 102.00 | OK |
Version: 0.5.1
Check: CRAN incoming feasibility
Result: NOTE
Maintainer: ‘Kenneth Knoblauch <ken.knoblauch@inserm.fr>’
No Authors@R field in DESCRIPTION.
Please add one, modifying
Authors@R: c(person(given = "Kenneth",
family = "Knoblauch",
role = c("aut", "cre"),
email = "ken.knoblauch@inserm.fr"),
person(given = c("Laurence", "T."),
family = "Maloney",
role = "aut"),
person(given = c("based", "in", "part", "on", "C", "code", "written", "by", "Laurence", "T."),
family = "Maloney",
role = "aut"),
person(given = c("J.", "N."),
family = "Yang",
role = "aut"))
as necessary.
Flavor: r-devel-linux-x86_64-debian-gcc