Last updated on 2024-08-16 12:49:13 CEST.
Flavor | Version | Tinstall | Tcheck | Ttotal | Status | Flags |
---|---|---|---|---|---|---|
r-devel-linux-x86_64-debian-clang | 1.9 | 10.47 | 92.21 | 102.68 | OK | |
r-devel-linux-x86_64-debian-gcc | 1.9 | 6.30 | 63.63 | 69.93 | OK | |
r-devel-linux-x86_64-fedora-clang | 1.9 | 165.99 | NOTE | |||
r-devel-linux-x86_64-fedora-gcc | 1.9 | 169.07 | OK | |||
r-devel-windows-x86_64 | 1.9 | 12.00 | 110.00 | 122.00 | OK | |
r-patched-linux-x86_64 | 1.9 | 9.36 | 86.65 | 96.01 | OK | |
r-release-linux-x86_64 | 1.9 | 9.34 | 87.51 | 96.85 | OK | |
r-release-macos-arm64 | 1.9 | 44.00 | OK | |||
r-release-macos-x86_64 | 1.9 | 79.00 | OK | |||
r-release-windows-x86_64 | 1.9 | 12.00 | 110.00 | 122.00 | OK | |
r-oldrel-macos-arm64 | 1.9 | 51.00 | OK | |||
r-oldrel-macos-x86_64 | 1.9 | 88.00 | NOTE | |||
r-oldrel-windows-x86_64 | 1.9 | 14.00 | 129.00 | 143.00 | OK |
Version: 1.9
Check: Rd cross-references
Result: NOTE
Undeclared packages ‘rms’, ‘Hmisc’, ‘genefilter’ in Rd xrefs
Flavor: r-devel-linux-x86_64-fedora-clang
Version: 1.9
Check: Rd cross-references
Result: NOTE
Package unavailable to check Rd xrefs: ‘genefilter’
Flavor: r-oldrel-macos-x86_64