CRAN Package Check Results for Package MGPSDK

Last updated on 2025-07-21 01:49:09 CEST.

Flavor Version Tinstall Tcheck Ttotal Status Flags
r-devel-linux-x86_64-debian-clang 1.0.0 2.76 41.70 44.46 OK
r-devel-linux-x86_64-debian-gcc 1.0.0 1.86 35.33 37.19 OK
r-devel-linux-x86_64-fedora-clang 1.0.0 71.87 NOTE
r-devel-linux-x86_64-fedora-gcc 1.0.0 86.11 NOTE
r-devel-windows-x86_64 1.0.0 4.00 65.00 69.00 OK
r-patched-linux-x86_64 1.0.0 2.68 40.72 43.40 OK
r-release-linux-x86_64 1.0.0 1.60 40.49 42.09 OK
r-release-macos-arm64 1.0.0 47.00 OK
r-release-macos-x86_64 1.0.0 68.00 OK
r-release-windows-x86_64 1.0.0 4.00 66.00 70.00 OK
r-oldrel-macos-arm64 1.0.0 45.00 OK
r-oldrel-macos-x86_64 1.0.0 53.00 OK
r-oldrel-windows-x86_64 1.0.0 5.00 71.00 76.00 OK

Check Details

Version: 1.0.0
Check: dependencies in R code
Result: NOTE Namespaces in Imports field not imported from: ‘R6’ ‘reticulate’ All declared Imports should be used. Flavors: r-devel-linux-x86_64-fedora-clang, r-devel-linux-x86_64-fedora-gcc