Last updated on 2025-04-29 01:49:39 CEST.
Flavor | Version | Tinstall | Tcheck | Ttotal | Status | Flags |
---|---|---|---|---|---|---|
r-devel-linux-x86_64-debian-clang | 1.1 | 14.55 | 138.31 | 152.86 | NOTE | |
r-devel-linux-x86_64-debian-gcc | 1.1 | 11.72 | 105.27 | 116.99 | NOTE | |
r-devel-linux-x86_64-fedora-clang | 1.3 | 243.57 | OK | |||
r-devel-linux-x86_64-fedora-gcc | 1.3 | 242.59 | OK | |||
r-devel-windows-x86_64 | 1.1 | 18.00 | 147.00 | 165.00 | NOTE | |
r-patched-linux-x86_64 | 1.1 | 15.24 | 135.11 | 150.35 | NOTE | |
r-release-linux-x86_64 | 1.1 | 13.22 | 133.15 | 146.37 | NOTE | |
r-release-macos-arm64 | 1.3 | 60.00 | OK | |||
r-release-macos-x86_64 | 1.3 | 123.00 | OK | |||
r-release-windows-x86_64 | 1.1 | 18.00 | 148.00 | 166.00 | NOTE | |
r-oldrel-macos-arm64 | 1.3 | 73.00 | OK | |||
r-oldrel-macos-x86_64 | 1.3 | 127.00 | OK | |||
r-oldrel-windows-x86_64 | 1.1 | 22.00 | 189.00 | 211.00 | OK |
Version: 1.1
Check: Rd cross-references
Result: NOTE
Found the following Rd file(s) with Rd \link{} targets missing package
anchors:
plot.pcmap3d.Rd: rgl
Please provide package anchors for all Rd \link{} targets not in the
package itself and the base packages.
Flavors: r-devel-linux-x86_64-debian-clang, r-devel-linux-x86_64-debian-gcc, r-devel-windows-x86_64, r-patched-linux-x86_64, r-release-linux-x86_64, r-release-windows-x86_64
Version: 1.1
Check: CRAN incoming feasibility
Result: NOTE
Maintainer: ‘Bram Boskamp <bram.boskamp@bioss.ac.uk>’
No Authors@R field in DESCRIPTION.
Please add one, modifying
Authors@R: c(person(given = c("Katharine", "F."),
family = "Preedy",
role = "aut",
email = "Katharine.preedy@bioss.ac.uk"),
person(given = c("Christine", "A."),
family = "Hackett",
role = "aut",
email = "christine.hackett@bioss.ac.uk"),
person(given = "Bram",
family = "Boskamp",
role = "cre",
email = "bram.boskamp@bioss.ac.uk"))
as necessary.
Flavor: r-devel-linux-x86_64-debian-gcc
Version: 1.1
Check: examples
Result: NOTE
Examples with CPU (user + system) or elapsed time > 5s
user system elapsed
calc.maps.sphere 4.418 0.005 5.381
Flavor: r-devel-linux-x86_64-debian-gcc