CRAN Package Check Results for Package MCMCtreeR

Last updated on 2025-04-29 01:49:39 CEST.

Flavor Version Tinstall Tcheck Ttotal Status Flags
r-devel-linux-x86_64-debian-clang 1.1 6.70 98.62 105.32 NOTE
r-devel-linux-x86_64-debian-gcc 1.1 4.78 75.47 80.25 NOTE
r-devel-linux-x86_64-fedora-clang 1.1 149.81 NOTE
r-devel-linux-x86_64-fedora-gcc 1.1 185.13 NOTE
r-devel-windows-x86_64 1.1 8.00 110.00 118.00 NOTE
r-patched-linux-x86_64 1.1 7.19 96.39 103.58 NOTE
r-release-linux-x86_64 1.1 6.77 97.07 103.84 NOTE
r-release-macos-arm64 1.1 59.00 NOTE
r-release-macos-x86_64 1.1 110.00 NOTE
r-release-windows-x86_64 1.1 10.00 109.00 119.00 NOTE
r-oldrel-macos-arm64 1.1 50.00 NOTE
r-oldrel-macos-x86_64 1.1 80.00 NOTE
r-oldrel-windows-x86_64 1.1 9.00 128.00 137.00 NOTE

Check Details

Version: 1.1
Check: Rd files
Result: NOTE checkRd: (-1) MCMCtreePhy.Rd:68: Lost braces in \itemize; \value handles \item{}{} directly checkRd: (-1) MCMCtreePhy.Rd:69: Lost braces in \itemize; \value handles \item{}{} directly checkRd: (-1) MCMCtreePhy.Rd:70: Lost braces in \itemize; \value handles \item{}{} directly checkRd: (-1) MCMCtreePhy.Rd:71: Lost braces in \itemize; \value handles \item{}{} directly checkRd: (-1) estimateBound.Rd:35: Lost braces in \itemize; \value handles \item{}{} directly checkRd: (-1) estimateBound.Rd:36: Lost braces in \itemize; \value handles \item{}{} directly checkRd: (-1) estimateBound.Rd:37: Lost braces in \itemize; \value handles \item{}{} directly checkRd: (-1) estimateBound.Rd:38: Lost braces in \itemize; \value handles \item{}{} directly checkRd: (-1) estimateCauchy.Rd:42: Lost braces in \itemize; \value handles \item{}{} directly checkRd: (-1) estimateCauchy.Rd:43: Lost braces in \itemize; \value handles \item{}{} directly checkRd: (-1) estimateCauchy.Rd:44: Lost braces in \itemize; \value handles \item{}{} directly checkRd: (-1) estimateCauchy.Rd:45: Lost braces in \itemize; \value handles \item{}{} directly checkRd: (-1) estimateFixed.Rd:24: Lost braces in \itemize; \value handles \item{}{} directly checkRd: (-1) estimateFixed.Rd:25: Lost braces in \itemize; \value handles \item{}{} directly checkRd: (-1) estimateFixed.Rd:26: Lost braces in \itemize; \value handles \item{}{} directly checkRd: (-1) estimateFixed.Rd:27: Lost braces in \itemize; \value handles \item{}{} directly checkRd: (-1) estimateGamma.Rd:42: Lost braces in \itemize; \value handles \item{}{} directly checkRd: (-1) estimateGamma.Rd:43: Lost braces in \itemize; \value handles \item{}{} directly checkRd: (-1) estimateGamma.Rd:44: Lost braces in \itemize; \value handles \item{}{} directly checkRd: (-1) estimateGamma.Rd:45: Lost braces in \itemize; \value handles \item{}{} directly checkRd: (-1) estimateSkewNormal.Rd:49: Lost braces in \itemize; \value handles \item{}{} directly checkRd: (-1) estimateSkewNormal.Rd:50: Lost braces in \itemize; \value handles \item{}{} directly checkRd: (-1) estimateSkewNormal.Rd:51: Lost braces in \itemize; \value handles \item{}{} directly checkRd: (-1) estimateSkewNormal.Rd:52: Lost braces in \itemize; \value handles \item{}{} directly checkRd: (-1) estimateSkewT.Rd:51: Lost braces in \itemize; \value handles \item{}{} directly checkRd: (-1) estimateSkewT.Rd:52: Lost braces in \itemize; \value handles \item{}{} directly checkRd: (-1) estimateSkewT.Rd:53: Lost braces in \itemize; \value handles \item{}{} directly checkRd: (-1) estimateSkewT.Rd:54: Lost braces in \itemize; \value handles \item{}{} directly checkRd: (-1) estimateUpper.Rd:26: Lost braces in \itemize; \value handles \item{}{} directly checkRd: (-1) estimateUpper.Rd:27: Lost braces in \itemize; \value handles \item{}{} directly checkRd: (-1) estimateUpper.Rd:28: Lost braces in \itemize; \value handles \item{}{} directly checkRd: (-1) estimateUpper.Rd:29: Lost braces in \itemize; \value handles \item{}{} directly checkRd: (-1) priorPosterior.Rd:24: Lost braces in \itemize; \value handles \item{}{} directly checkRd: (-1) priorPosterior.Rd:25: Lost braces in \itemize; \value handles \item{}{} directly checkRd: (-1) priorPosterior.Rd:26: Lost braces in \itemize; \value handles \item{}{} directly Flavors: r-devel-linux-x86_64-debian-clang, r-devel-linux-x86_64-debian-gcc, r-devel-linux-x86_64-fedora-clang, r-devel-linux-x86_64-fedora-gcc, r-devel-windows-x86_64, r-patched-linux-x86_64, r-release-linux-x86_64, r-release-macos-arm64, r-release-macos-x86_64, r-release-windows-x86_64, r-oldrel-macos-arm64, r-oldrel-macos-x86_64, r-oldrel-windows-x86_64

Version: 1.1
Check: CRAN incoming feasibility
Result: NOTE Maintainer: ‘Mark Puttick <mark.puttick@bristol.ac.uk>’ No Authors@R field in DESCRIPTION. Please add one, modifying Authors@R: c(person(given = "Mark", family = "Puttick", role = c("aut", "cre"), email = "mark.puttick@bristol.ac.uk"), person(given = "Pascal", family = "Title", role = "ctb")) as necessary. Flavor: r-devel-linux-x86_64-debian-gcc

Version: 1.1
Check: installed package size
Result: NOTE installed size is 7.4Mb sub-directories of 1Mb or more: doc 6.8Mb Flavors: r-oldrel-macos-arm64, r-oldrel-macos-x86_64, r-oldrel-windows-x86_64