CRAN Package Check Results for Package MCCM

Last updated on 2025-04-29 01:49:39 CEST.

Flavor Version Tinstall Tcheck Ttotal Status Flags
r-devel-linux-x86_64-debian-clang 0.1.0 4.05 41.34 45.39 OK
r-devel-linux-x86_64-debian-gcc 0.1.0 2.82 31.04 33.86 NOTE
r-devel-linux-x86_64-fedora-clang 0.1.0 68.08 OK
r-devel-linux-x86_64-fedora-gcc 0.1.0 66.52 OK
r-devel-windows-x86_64 0.1.0 5.00 63.00 68.00 OK
r-patched-linux-x86_64 0.1.0 3.78 40.48 44.26 OK
r-release-linux-x86_64 0.1.0 4.03 40.56 44.59 OK
r-release-macos-arm64 0.1.0 32.00 OK
r-release-macos-x86_64 0.1.0 67.00 OK
r-release-windows-x86_64 0.1.0 6.00 72.00 78.00 OK
r-oldrel-macos-arm64 0.1.0 28.00 OK
r-oldrel-macos-x86_64 0.1.0 36.00 OK
r-oldrel-windows-x86_64 0.1.0 7.00 75.00 82.00 OK

Check Details

Version: 0.1.0
Check: examples
Result: NOTE Examples with CPU (user + system) or elapsed time > 5s user system elapsed draw_correlation_matrix 4.937 0.073 6.506 Flavor: r-devel-linux-x86_64-debian-gcc