Last updated on 2024-07-13 12:48:20 CEST.
Flavor | Version | Tinstall | Tcheck | Ttotal | Status | Flags |
---|---|---|---|---|---|---|
r-devel-linux-x86_64-debian-clang | 1.3.11 | 109.72 | 64.18 | 173.90 | OK | |
r-devel-linux-x86_64-debian-gcc | 1.3.11 | 73.54 | 46.47 | 120.01 | OK | |
r-devel-linux-x86_64-fedora-clang | 1.3.11 | 224.43 | OK | |||
r-devel-linux-x86_64-fedora-gcc | 1.3.11 | 248.68 | OK | |||
r-devel-windows-x86_64 | 1.3.11 | 100.00 | 93.00 | 193.00 | NOTE | |
r-patched-linux-x86_64 | 1.3.11 | 85.75 | 58.89 | 144.64 | OK | |
r-release-linux-x86_64 | 1.3.11 | 89.35 | 57.52 | 146.87 | OK | |
r-release-macos-arm64 | 1.3.11 | 63.00 | OK | |||
r-release-macos-x86_64 | 1.3.11 | 73.00 | OK | |||
r-release-windows-x86_64 | 1.3.11 | 98.00 | 94.00 | 192.00 | OK | |
r-oldrel-macos-arm64 | 1.3.11 | 74.00 | OK | |||
r-oldrel-macos-x86_64 | 1.3.11 | 123.00 | OK | |||
r-oldrel-windows-x86_64 | 1.3.11 | 113.00 | 106.00 | 219.00 | OK |
Version: 1.3.11
Check: Rd cross-references
Result: NOTE
Found the following Rd file(s) with Rd \link{} targets missing package
anchors:
predict.mave.Rd: mars
Please provide package anchors for all Rd \link{} targets not in the
package itself and the base packages.
Flavor: r-devel-windows-x86_64