CRAN Package Check Results for Package MANOVA.RM

Last updated on 2025-04-29 13:51:29 CEST.

Flavor Version Tinstall Tcheck Ttotal Status Flags
r-devel-linux-x86_64-debian-clang 0.5.4 7.40 185.45 192.85 NOTE
r-devel-linux-x86_64-debian-gcc 0.5.4 5.80 116.71 122.51 NOTE
r-devel-linux-x86_64-fedora-clang 0.5.4 299.73 NOTE
r-devel-linux-x86_64-fedora-gcc 0.5.4 305.61 NOTE
r-devel-windows-x86_64 0.5.4 10.00 172.00 182.00 NOTE
r-patched-linux-x86_64 0.5.4 9.64 177.71 187.35 NOTE
r-release-linux-x86_64 0.5.4 8.68 174.82 183.50 NOTE
r-release-macos-arm64 0.5.4 96.00 NOTE
r-release-macos-x86_64 0.5.4 190.00 NOTE
r-release-windows-x86_64 0.5.4 14.00 176.00 190.00 NOTE
r-oldrel-macos-arm64 0.5.4 77.00 NOTE
r-oldrel-macos-x86_64 0.5.4 137.00 NOTE
r-oldrel-windows-x86_64 0.5.4 12.00 239.00 251.00 NOTE

Check Details

Version: 0.5.4
Check: CRAN incoming feasibility
Result: NOTE Maintainer: ‘Sarah Friedrich <sarah.friedrich@math.uni-augsburg.de>’ No Authors@R field in DESCRIPTION. Please add one, modifying Authors@R: c(person(given = "Sarah", family = "Friedrich", role = c("aut", "cre"), email = "sarah.friedrich@math.uni-augsburg.de"), person(given = "Frank", family = "Konietschke", role = "aut"), person(given = "Markus", family = "Pauly", role = "aut")) as necessary. Flavors: r-devel-linux-x86_64-debian-clang, r-devel-linux-x86_64-debian-gcc

Version: 0.5.4
Check: Rd files
Result: NOTE checkRd: (-1) EEGwide.Rd:30-33: Lost braces 30 | if(requireNamespace("ggplot2")){ | ^ Flavors: r-devel-linux-x86_64-debian-clang, r-devel-linux-x86_64-debian-gcc, r-devel-linux-x86_64-fedora-clang, r-devel-linux-x86_64-fedora-gcc, r-devel-windows-x86_64, r-patched-linux-x86_64, r-release-linux-x86_64, r-release-macos-arm64, r-release-macos-x86_64, r-release-windows-x86_64, r-oldrel-macos-arm64, r-oldrel-macos-x86_64, r-oldrel-windows-x86_64

Version: 0.5.4
Check: examples
Result: NOTE Examples with CPU (user + system) or elapsed time > 5s user system elapsed MANOVA.wide 5.462 0.014 6.426 Flavor: r-devel-linux-x86_64-debian-clang