Last updated on 2025-04-30 01:50:25 CEST.
Flavor | Version | Tinstall | Tcheck | Ttotal | Status | Flags |
---|---|---|---|---|---|---|
r-devel-linux-x86_64-debian-clang | 1.0.3 | 16.86 | 221.80 | 238.66 | NOTE | |
r-devel-linux-x86_64-debian-gcc | 1.0.3 | 12.06 | 153.85 | 165.91 | NOTE | |
r-devel-linux-x86_64-fedora-clang | 1.0.3 | 362.13 | OK | |||
r-devel-linux-x86_64-fedora-gcc | 1.0.3 | 353.73 | OK | |||
r-devel-windows-x86_64 | 1.0.3 | 17.00 | 222.00 | 239.00 | OK | |
r-patched-linux-x86_64 | 1.0.3 | 17.42 | 212.79 | 230.21 | OK | |
r-release-linux-x86_64 | 1.0.3 | 15.18 | 208.25 | 223.43 | OK | |
r-release-macos-arm64 | 1.0.3 | 108.00 | OK | |||
r-release-macos-x86_64 | 1.0.3 | 233.00 | OK | |||
r-release-windows-x86_64 | 1.0.3 | 17.00 | 219.00 | 236.00 | OK | |
r-oldrel-macos-arm64 | 1.0.3 | 122.00 | OK | |||
r-oldrel-macos-x86_64 | 1.0.3 | 267.00 | OK | |||
r-oldrel-windows-x86_64 | 1.0.3 | 22.00 | 295.00 | 317.00 | OK |
Version: 1.0.3
Check: examples
Result: NOTE
Examples with CPU (user + system) or elapsed time > 5s
user system elapsed
Balance_MAGMA 8.542 0.239 11.229
Balance_extract 8.338 0.038 12.235
Table_MAGMA 8.214 0.017 9.410
Plot_MAGMA 6.069 0.004 8.241
MAGMA_exact 1.484 0.001 15.042
MAGMA 0.849 0.086 7.561
Flavor: r-devel-linux-x86_64-debian-clang
Version: 1.0.3
Check: examples
Result: NOTE
Examples with CPU (user + system) or elapsed time > 5s
user system elapsed
Balance_MAGMA 5.418 0.179 6.151
Balance_extract 5.305 0.169 6.216
Table_MAGMA 5.401 0.030 6.582
Plot_MAGMA 4.040 0.015 5.157
MAGMA_exact 1.654 0.007 10.029
Flavor: r-devel-linux-x86_64-debian-gcc