CRAN Package Check Results for Package LocKer

Last updated on 2025-04-29 01:49:38 CEST.

Flavor Version Tinstall Tcheck Ttotal Status Flags
r-devel-linux-x86_64-debian-clang 1.1 1.76 26.66 28.42 OK
r-devel-linux-x86_64-debian-gcc 1.1 1.53 21.01 22.54 NOTE
r-devel-linux-x86_64-fedora-clang 1.1 45.15 OK
r-devel-linux-x86_64-fedora-gcc 1.1 44.83 OK
r-devel-windows-x86_64 1.1 4.00 46.00 50.00 OK
r-patched-linux-x86_64 1.1 2.30 26.89 29.19 OK
r-release-linux-x86_64 1.1 2.20 26.33 28.53 OK
r-release-macos-arm64 1.1 20.00 OK
r-release-macos-x86_64 1.1 32.00 OK
r-release-windows-x86_64 1.1 3.00 48.00 51.00 OK
r-oldrel-macos-arm64 1.1 19.00 OK
r-oldrel-macos-x86_64 1.1 39.00 OK
r-oldrel-windows-x86_64 1.1 5.00 51.00 56.00 OK

Check Details

Version: 1.1
Check: examples
Result: NOTE Examples with CPU (user + system) or elapsed time > 5s user system elapsed LocKer 4.162 0.142 5.494 Flavor: r-devel-linux-x86_64-debian-gcc