Last updated on 2025-07-20 01:49:32 CEST.
Flavor | Version | Tinstall | Tcheck | Ttotal | Status | Flags |
---|---|---|---|---|---|---|
r-devel-linux-x86_64-debian-clang | 1.3-1 | 24.12 | 24.82 | 48.94 | NOTE | |
r-devel-linux-x86_64-debian-gcc | 1.3-1 | 16.74 | 20.14 | 36.88 | NOTE | |
r-devel-linux-x86_64-fedora-clang | 1.3-1 | 87.08 | NOTE | |||
r-devel-linux-x86_64-fedora-gcc | 1.3-1 | 81.91 | NOTE | |||
r-devel-windows-x86_64 | 1.3-1 | 28.00 | 65.00 | 93.00 | NOTE | |
r-patched-linux-x86_64 | 1.3-1 | 23.17 | 23.92 | 47.09 | NOTE | |
r-release-linux-x86_64 | 1.3-1 | 22.47 | 23.82 | 46.29 | NOTE | |
r-release-macos-arm64 | 1.3-1 | 28.00 | NOTE | |||
r-release-macos-x86_64 | 1.3-1 | 41.00 | NOTE | |||
r-release-windows-x86_64 | 1.3-1 | 25.00 | 65.00 | 90.00 | NOTE | |
r-oldrel-macos-arm64 | 1.3-1 | 29.00 | NOTE | |||
r-oldrel-macos-x86_64 | 1.3-1 | 36.00 | NOTE | |||
r-oldrel-windows-x86_64 | 1.3-1 | 34.00 | 78.00 | 112.00 | NOTE |
Version: 1.3-1
Check: CRAN incoming feasibility
Result: NOTE
Maintainer: ‘Juha Karvanen <juha.karvanen@iki.fi>’
Package CITATION file contains call(s) to old-style personList() or
as.personList(). Please use c() on person objects instead.
Package CITATION file contains call(s) to old-style citEntry(). Please
use bibentry() instead.
Flavors: r-devel-linux-x86_64-debian-clang, r-devel-linux-x86_64-debian-gcc
Version: 1.3-1
Check: C++ specification
Result: NOTE
Specified C++11: please drop specification unless essential
Flavors: r-devel-linux-x86_64-debian-clang, r-devel-linux-x86_64-debian-gcc, r-devel-linux-x86_64-fedora-clang, r-devel-linux-x86_64-fedora-gcc, r-devel-windows-x86_64, r-patched-linux-x86_64, r-release-linux-x86_64, r-release-macos-arm64, r-release-macos-x86_64, r-release-windows-x86_64, r-oldrel-macos-arm64, r-oldrel-macos-x86_64, r-oldrel-windows-x86_64
Version: 1.3-1
Check: Rd files
Result: NOTE
checkRd: (-1) cauchypoly.Rd:39: Escaped LaTeX specials: \_ \_ \_
checkRd: (-1) cauchypoly.Rd:40: Escaped LaTeX specials: \_
checkRd: (-1) normpoly.Rd:38: Escaped LaTeX specials: \_ \_ \_
checkRd: (-1) normpoly.Rd:39: Escaped LaTeX specials: \_
Flavors: r-devel-linux-x86_64-debian-clang, r-devel-linux-x86_64-debian-gcc, r-devel-linux-x86_64-fedora-clang, r-devel-linux-x86_64-fedora-gcc, r-devel-windows-x86_64, r-patched-linux-x86_64, r-release-linux-x86_64, r-release-macos-arm64, r-release-macos-x86_64, r-release-windows-x86_64, r-oldrel-macos-arm64, r-oldrel-macos-x86_64, r-oldrel-windows-x86_64