Last updated on 2024-08-16 12:49:12 CEST.
Flavor | Version | Tinstall | Tcheck | Ttotal | Status | Flags |
---|---|---|---|---|---|---|
r-devel-linux-x86_64-debian-clang | 1.0-3 | 11.82 | 98.25 | 110.07 | NOTE | |
r-devel-linux-x86_64-debian-gcc | 1.0-3 | 8.03 | 70.96 | 78.99 | NOTE | |
r-devel-linux-x86_64-fedora-clang | 1.0-3 | 181.02 | NOTE | |||
r-devel-linux-x86_64-fedora-gcc | 1.0-3 | 165.05 | NOTE | |||
r-devel-windows-x86_64 | 1.0-3 | 12.00 | 113.00 | 125.00 | NOTE | |
r-patched-linux-x86_64 | 1.0-3 | 8.94 | 92.59 | 101.53 | NOTE | |
r-release-linux-x86_64 | 1.0-3 | 9.31 | 92.84 | 102.15 | NOTE | |
r-release-macos-arm64 | 1.0-3 | 51.00 | NOTE | |||
r-release-macos-x86_64 | 1.0-3 | 97.00 | NOTE | |||
r-release-windows-x86_64 | 1.0-3 | 13.00 | 112.00 | 125.00 | NOTE | |
r-oldrel-macos-arm64 | 1.0-3 | 57.00 | NOTE | |||
r-oldrel-macos-x86_64 | 1.0-3 | 88.00 | NOTE | |||
r-oldrel-windows-x86_64 | 1.0-3 | 17.00 | 138.00 | 155.00 | NOTE |
Version: 1.0-3
Check: package dependencies
Result: NOTE
Package suggested but not available for checking: ‘kerdiest’
Flavors: r-devel-linux-x86_64-debian-clang, r-devel-linux-x86_64-debian-gcc, r-devel-linux-x86_64-fedora-clang, r-devel-linux-x86_64-fedora-gcc, r-devel-windows-x86_64, r-patched-linux-x86_64, r-release-linux-x86_64, r-release-macos-arm64, r-release-macos-x86_64, r-release-windows-x86_64, r-oldrel-macos-arm64, r-oldrel-windows-x86_64
Version: 1.0-3
Check: data for non-ASCII characters
Result: NOTE
Note: found 55 marked UTF-8 strings
Flavors: r-devel-linux-x86_64-fedora-clang, r-devel-linux-x86_64-fedora-gcc
Version: 1.0-3
Check: package dependencies
Result: NOTE
Packages suggested but not available for checking:
'sirt', 'kerdiest', 'car', 'mitml'
Flavor: r-oldrel-macos-x86_64