Last updated on 2025-05-19 12:50:08 CEST.
Flavor | Version | Tinstall | Tcheck | Ttotal | Status | Flags |
---|---|---|---|---|---|---|
r-devel-linux-x86_64-debian-clang | 1.7 | 6.28 | 49.55 | 55.83 | NOTE | |
r-devel-linux-x86_64-debian-gcc | 1.7 | 4.33 | 37.99 | 42.32 | NOTE | |
r-devel-linux-x86_64-fedora-clang | 1.7 | 86.56 | OK | |||
r-devel-linux-x86_64-fedora-gcc | 1.7 | 81.38 | OK | |||
r-devel-windows-x86_64 | 1.7 | 8.00 | 62.00 | 70.00 | OK | |
r-patched-linux-x86_64 | 1.7 | 5.96 | 47.88 | 53.84 | OK | |
r-release-linux-x86_64 | 1.7 | 6.37 | 47.59 | 53.96 | OK | |
r-release-macos-arm64 | 1.7 | 35.00 | OK | |||
r-release-macos-x86_64 | 1.7 | 51.00 | OK | |||
r-release-windows-x86_64 | 1.7 | 8.00 | 68.00 | 76.00 | OK | |
r-oldrel-macos-arm64 | 1.7 | 28.00 | OK | |||
r-oldrel-macos-x86_64 | 1.7 | 40.00 | OK | |||
r-oldrel-windows-x86_64 | 1.7 | 9.00 | 72.00 | 81.00 | OK |
Version: 1.7
Check: CRAN incoming feasibility
Result: NOTE
Maintainer: ‘Jeffrey Endelman <endelman@wisc.edu>’
No Authors@R field in DESCRIPTION.
Please add one, modifying
Authors@R: person(given = "Jeffrey",
family = "Endelman",
role = c("aut", "cre"),
email = "endelman@wisc.edu")
as necessary.
Package CITATION file contains call(s) to old-style personList() or
as.personList(). Please use c() on person objects instead.
Package CITATION file contains call(s) to old-style citEntry(). Please
use bibentry() instead.
Flavors: r-devel-linux-x86_64-debian-clang, r-devel-linux-x86_64-debian-gcc